{"id":1026,"date":"2025-07-24T12:06:34","date_gmt":"2025-07-24T12:06:34","guid":{"rendered":"https:\/\/www.agrolex.cz\/?post_type=product&#038;p=1026"},"modified":"2025-07-24T12:10:45","modified_gmt":"2025-07-24T12:10:45","slug":"granulovane-krmivo-pro-kone-mash-top-premium","status":"publish","type":"product","link":"https:\/\/www.agrolex.cz\/?product=granulovane-krmivo-pro-kone-mash-top-premium","title":{"rendered":"Granulovan\u00e9 krmivo pro kon\u011b MASH TOP PREMIUM"},"content":{"rendered":"<div class=\"all\">\n<div class=\"wrapper\">\n<div class=\"page clearfix\">\n<div class=\"container productDetail\">\n<div class=\"grid-line clearfix\">\n<div class=\"grid grid-70\">\n<div class=\"container\">\n<p><strong>Dietetick\u00e9 dopl\u0148kov\u00e9 krmivo MASH TOP PREMIUM<\/strong><\/p>\n<p><strong>vyrobeno podle origin\u00e1ln\u00ed receptury AGROLEX, s.r.o.<\/strong><\/p>\n<p>&nbsp;<\/p>\n<p>Dietetick\u00e9 sypk\u00e9 krmivo TOP MASH PREMIUM je charakteristick\u00e9 vy\u0161\u0161\u00edm obsahem vl\u00e1kniny a ni\u017e\u0161\u00edm obsahem \u0161krobu. Ve\u0161ker\u00e9 komponenty jsou tepeln\u011b opracovan\u00e9, bu\u0165 vlo\u010dkovan\u00e9 nebo extrudovan\u00e9. Dopln\u011bn\u00e1 vl\u00e1knina pln\u011b vyhovuje fyziologick\u00fdm po\u017eadavk\u016fm tr\u00e1ven\u00ed. Mash obsahuje vysoce straviteln\u00e9 slo\u017eky a p\u016fsob\u00ed p\u0159\u00edzniv\u011b na vyu\u017eit\u00ed ostatn\u00edch \u017eivin denn\u00ed krmn\u00e9 d\u00e1vky. Je vhodn\u00fd pro \u201evelk\u00e9 i mal\u00e9\u201c kon\u011b.<\/p>\n<p><strong><em>Krmivo slou\u017e\u00ed jako dopln\u011bk krmn\u00e9 d\u00e1vky v\u00a0zimn\u00edm obdob\u00ed, p\u0159i l\u00edn\u00e1n\u00ed a zchut\u0148uje krmnou d\u00e1vku. D\u00e1le je vhodn\u00e9 u kon\u00ed s\u00a0hor\u0161\u00edm p\u0159\u00edjmem krmiva, p\u0159\u00edpadn\u011b m\u016f\u017ee b\u00fdt u\u017e\u00edv\u00e1no dlouhodob\u011b p\u0159i rekonvalescenci jako jedin\u00e9 krmivo (m\u00e1 odpov\u00eddaj\u00edc\u00ed kvalitativn\u00ed slo\u017een\u00ed a obsah \u017eivin).<\/em><\/strong><\/p>\n<p>&nbsp;<\/p>\n<\/div>\n<p><strong>Slo\u017een\u00ed: <\/strong>otruby p\u0161eni\u010dn\u00e9, vojt\u011b\u0161kov\u00e9 pelety jemn\u011b mlet\u00e9, ovesn\u00e9 vlo\u010dky a extrudovan\u00fd oves, kuku\u0159ice tepeln\u011b opracovan\u00e1, tepeln\u011b opracovan\u00e9 sojov\u00e9 boby a len, jable\u010dn\u00e9 v\u00fdlisky su\u0161en\u00e9 (v bio kvalit\u011b), r\u00fd\u017ee loupan\u00e1, v\u00e1penec, monokalcium-fosf\u00e1t, ostropest\u0159ec mari\u00e1nsk\u00fd, olej slune\u010dnicov\u00fd, s\u016fl, vitam\u00edny, aminokyseliny<\/p>\n<p>&nbsp;<\/p>\n<div class=\"container\">\n<p><strong>Doporu\u010den\u00e9 d\u00e1vkov\u00e1n\u00ed :\u00a0\u00a0\u00a0\u00a0\u00a0<\/strong><\/p>\n<p><strong> 0,2 \u2013 1,0 kg denn\u011b podle individu\u00e1ln\u00edho stavu kon\u011b <\/strong><\/p>\n<p><strong>\u00a0<\/strong>Doporu\u010den\u00e9 d\u00e1vkov\u00e1n\u00ed &#8211; denn\u00ed d\u00e1vka krmiva pro kon\u011b a pon\u00edky:<\/p>\n<p>0,2 kg \u2013 0,5 kg \/ 100 kg \u017eiv\u00e9 hmotnosti kon\u011b<\/p>\n<p>0,5 kg \u2013 0,7 kg \/ 100 kg \u017eiv\u00e9 hmotnosti kon\u011b p\u0159i pou\u017eit\u00ed krmiva <em>MASH TOP PREMIUM<\/em> <em>jako jedin\u00e9ho dopl\u0148kov\u00e9ho krmiva\u00a0\u00a0\u00a0 <\/em><\/p>\n<p>&nbsp;<\/p>\n<p><strong>Zp\u016fsob pou\u017eit\u00ed<\/strong>:<\/p>\n<p>V\u00fd\u0161e uveden\u00e9 d\u00e1vkov\u00e1n\u00ed z\u00e1vis\u00ed na hmotnosti a v\u011bku kon\u011b, jeho celkov\u00e9 konstituci i\u00a0kondici a zdravotn\u00edm stavu. Podle toho je vhodn\u00e9 d\u00e1vkov\u00e1n\u00ed krmiva individu\u00e1ln\u011b p\u0159izp\u016fsobit. Mash je nutn\u00e9 dob\u0159e prom\u00edchat s\u00a0vodou. P\u0159i pou\u017eit\u00ed tepl\u00e9 vody do cca 60<sup>o<\/sup>C \u00a0je nutno nechat vystydnout na \u00farove\u0148 t\u011blesn\u00e9 teploty. K\u016f\u0148 mus\u00ed dostat tepl\u00e9 ale ne hork\u00e9!<\/p>\n<p>Dob\u0159e se rozm\u00edch\u00e1v\u00e1 i ve studen\u00e9 vod\u011b, tud\u00ed\u017e je ho mo\u017eno pou\u017eit i v\u00a0chovech bez aktu\u00e1ln\u00ed mo\u017enosti pou\u017eit\u00ed tepl\u00e9 vody. Vhodn\u011bj\u0161\u00ed a doporu\u010den\u00e9 je ov\u0161em pod\u00e1n\u00ed v\u00a0tepl\u00e9m stavu.<\/p>\n<p>Velmi d\u016fle\u017eit\u00e9 je dodr\u017eov\u00e1n\u00ed pravideln\u00e9ho pitn\u00e9ho re\u017eimu v\u00a0ka\u017ed\u00e9m ro\u010dn\u00edm obdob\u00ed!<\/p>\n<p>&nbsp;<\/p>\n<p><strong>Uchov\u00e1v\u00e1n\u00ed: <\/strong>V\u00a0suchu a temnu, p\u0159i teplot\u011b do 25 <sup>o<\/sup>C<\/p>\n<p><strong>Hmotnost: <\/strong>20 kg<\/p>\n<\/div>\n<\/div>\n<\/div>\n<\/div>\n<\/div>\n<\/div>\n<\/div>\n","protected":false},"excerpt":{"rendered":"<p><strong>Dietetick\u00e9 dopl\u0148kov\u00e9 krmivo MASH TOP PREMIUM<\/strong><\/p>\n<p><strong>vyrobeno podle origin\u00e1ln\u00ed receptury AGROLEX, s.r.o.<\/strong><\/p>\n<p>&nbsp;<\/p>\n<p>Dietetick\u00e9 sypk\u00e9 krmivo TOP MASH PREMIUM je charakteristick\u00e9 vy\u0161\u0161\u00edm obsahem vl\u00e1kniny a ni\u017e\u0161\u00edm obsahem \u0161krobu. Ve\u0161ker\u00e9 komponenty jsou tepeln\u011b opracovan\u00e9, bu\u0165 vlo\u010dkovan\u00e9 nebo extrudovan\u00e9. Dopln\u011bn\u00e1 vl\u00e1knina pln\u011b vyhovuje fyziologick\u00fdm po\u017eadavk\u016fm tr\u00e1ven\u00ed. Mash obsahuje vysoce straviteln\u00e9 slo\u017eky a p\u016fsob\u00ed p\u0159\u00edzniv\u011b na vyu\u017eit\u00ed ostatn\u00edch \u017eivin denn\u00ed krmn\u00e9 d\u00e1vky. Je vhodn\u00fd pro \u201evelk\u00e9 i mal\u00e9\u201c kon\u011b.<\/p>\n<p><strong><em>Krmivo slou\u017e\u00ed jako dopln\u011bk krmn\u00e9 d\u00e1vky v\u00a0zimn\u00edm obdob\u00ed, p\u0159i l\u00edn\u00e1n\u00ed a zchut\u0148uje krmnou d\u00e1vku. D\u00e1le je vhodn\u00e9 u kon\u00ed s\u00a0hor\u0161\u00edm p\u0159\u00edjmem krmiva, p\u0159\u00edpadn\u011b m\u016f\u017ee b\u00fdt u\u017e\u00edv\u00e1no dlouhodob\u011b p\u0159i rekonvalescenci jako jedin\u00e9 krmivo (m\u00e1 odpov\u00eddaj\u00edc\u00ed kvalitativn\u00ed slo\u017een\u00ed a obsah \u017eivin).<\/em><\/strong><\/p>\n","protected":false},"featured_media":1024,"comment_status":"open","ping_status":"closed","template":"","meta":[],"_links":{"self":[{"href":"https:\/\/www.agrolex.cz\/index.php?rest_route=\/wp\/v2\/product\/1026"}],"collection":[{"href":"https:\/\/www.agrolex.cz\/index.php?rest_route=\/wp\/v2\/product"}],"about":[{"href":"https:\/\/www.agrolex.cz\/index.php?rest_route=\/wp\/v2\/types\/product"}],"replies":[{"embeddable":true,"href":"https:\/\/www.agrolex.cz\/index.php?rest_route=%2Fwp%2Fv2%2Fcomments&post=1026"}],"wp:featuredmedia":[{"embeddable":true,"href":"https:\/\/www.agrolex.cz\/index.php?rest_route=\/wp\/v2\/media\/1024"}],"wp:attachment":[{"href":"https:\/\/www.agrolex.cz\/index.php?rest_route=%2Fwp%2Fv2%2Fmedia&parent=1026"}],"curies":[{"name":"wp","href":"https:\/\/api.w.org\/{rel}","templated":true}]}}