{"id":104,"date":"2020-06-09T14:31:59","date_gmt":"2020-06-09T14:31:59","guid":{"rendered":"http:\/\/www.agrolex.cz\/?post_type=product&#038;p=104"},"modified":"2022-04-18T22:07:13","modified_gmt":"2022-04-18T22:07:13","slug":"biocal-plus","status":"publish","type":"product","link":"https:\/\/www.agrolex.cz\/?product=biocal-plus","title":{"rendered":"Canvit Biocal Plus pro psy"},"content":{"rendered":"<p>P\u0159i prok\u00e1zan\u00e9m deficitu miner\u00e1ln\u00edch l\u00e1tek.<\/p>\n<p>V\u00e1pn\u00edk a fosfor pro podporu r\u016fstu a regeneraci kost\u00ed.<\/p>\n<p>Canvit Biocal Plus je zdrojem v\u00e1pn\u00edku a fosforu s\u00a0vysokou biologickou dostupnost\u00ed obohacen\u00fd kolagenem pro podporu spr\u00e1vn\u00e9ho v\u00fdvoje, r\u016fstu a regenerace kost\u00ed, kloub\u016f a zub\u016f. Canvit Biocal Plus preventivn\u011b zabra\u0148uje nedostatku v\u00e1pn\u00edku u koj\u00edc\u00edch fen.<\/p>\n<p>V\u00e1pn\u00edk a fosfor jsou miner\u00e1ln\u00ed prvky nezbytn\u00e9 pro spr\u00e1vn\u00fd v\u00fdvoj a funkci kost\u00ed, kloub\u016f, zub\u016f a sval\u016f. Kolagen je struktur\u00e1ln\u00ed sou\u010d\u00e1st kost\u00ed a kloub\u016f, zabezpe\u010duj\u00edc\u00ed pevnost a pru\u017enost kost\u00ed a kloub\u016f. Nedostatek t\u011bchto prvk\u016f se projevuje \u0161patn\u00fdm v\u00fdvojem kostry, zpomalen\u00fdm hojen\u00edm zlomenin, slabost\u00ed a v\u00a0p\u0159\u00edpad\u011b hypokalcemie u koj\u00edc\u00edch fen svalov\u00fdmi k\u0159e\u010demi a ztr\u00e1tou v\u011bdom\u00ed (eklampsie).<\/p>\n<ul>\n<li>kolagen pro zdrav\u00e9 klouby a \u0161lachy<\/li>\n<li>v\u00e1pn\u00edk, sod\u00edk, fosfor a kolagen nezbytn\u00e9 pro spr\u00e1vn\u00fd v\u00fdvoj kostn\u00ed, \u0161lach a kloub\u016f<\/li>\n<li>vhodn\u00e9 p\u0159i p\u0159ezubov\u00e1n\u00ed, v r\u016fstu \u010di pro st\u00e1rnouc\u00ed psy<\/li>\n<li>v\u00e1pn\u00edk je nezbytn\u00fd pro spr\u00e1vnou funkci sval\u016f a pozitivn\u011b ovliv\u0148uje kvalitu zub\u016f<\/li>\n<\/ul>\n<p>&nbsp;<\/p>\n<h4>Indikace:<\/h4>\n<p>Podpora spr\u00e1vn\u00e9ho v\u00fdvoje a r\u016fstu kost\u00ed a kloub\u016f u \u0161t\u011b\u0148at a rostouc\u00edch ps\u016f<br \/>\nDopln\u011bk l\u00e9\u010dby zlomenin kost\u00ed a kloub\u016f a po operac\u00edch pohybov\u00e9ho apar\u00e1tu<br \/>\nPrevence nedostatku v\u00e1pn\u00edku u koj\u00edc\u00edch fen (eklampsie)<\/p>\n<h4>Zp\u016fsob pou\u017eit\u00ed:<\/h4>\n<p>Tablety se pod\u00e1vaj\u00ed p\u0159\u00edmo z ruky nebo rozdrcen\u00e9 do krmiva b\u011bhem r\u016fstu psa, l\u00e9\u010dby zlomenin nebo kojen\u00ed fen. V\u00a0p\u0159\u00edpad\u011b prok\u00e1zan\u00e9ho nedostatku v\u00e1pn\u00edku nebo fosforu lze d\u00e1vku zdvojn\u00e1sobit.<\/p>\n<h4>Doporu\u010den\u00e1 denn\u00ed d\u00e1vka:<\/h4>\n<p>1 \u2013 2 tbl na 5 kg v\u00e1hy zv\u00ed\u0159ete<\/p>\n<p>Jedna tableta obsahuje:<br \/>\nV\u00e1pn\u00edk 90 mg, fosfor 30mg a kolagen 100 mg<\/p>\n<h4>Balen\u00ed:<\/h4>\n<p>230 g (230 tbl, pro psa o hmotnosti 20 kg vysta\u010d\u00ed na 115 dn\u016f)<br \/>\n500 g (500 tbl, pro psa o hmotnosti 20 kg vysta\u010d\u00ed na 250 dn\u016f)<br \/>\n1000 g (1000 tbl, pro psa o hmotnosti 20 kg vysta\u010d\u00ed na 500 dn\u016f)<\/p>\n","protected":false},"excerpt":{"rendered":"<p>P\u0159i prok\u00e1zan\u00e9m deficitu miner\u00e1ln\u00edch l\u00e1tek.<\/p>\n<p>V\u00e1pn\u00edk a fosfor pro podporu r\u016fstu a regeneraci kost\u00ed.<\/p>\n<p>Canvit Biocal Plus je zdrojem v\u00e1pn\u00edku a fosforu s\u00a0vysokou biologickou dostupnost\u00ed obohacen\u00fd kolagenem pro podporu spr\u00e1vn\u00e9ho v\u00fdvoje, r\u016fstu a regenerace kost\u00ed, kloub\u016f a zub\u016f. Canvit Biocal Plus preventivn\u011b zabra\u0148uje nedostatku v\u00e1pn\u00edku u koj\u00edc\u00edch fen.<\/p>\n","protected":false},"featured_media":105,"comment_status":"open","ping_status":"closed","template":"","meta":[],"_links":{"self":[{"href":"https:\/\/www.agrolex.cz\/index.php?rest_route=\/wp\/v2\/product\/104"}],"collection":[{"href":"https:\/\/www.agrolex.cz\/index.php?rest_route=\/wp\/v2\/product"}],"about":[{"href":"https:\/\/www.agrolex.cz\/index.php?rest_route=\/wp\/v2\/types\/product"}],"replies":[{"embeddable":true,"href":"https:\/\/www.agrolex.cz\/index.php?rest_route=%2Fwp%2Fv2%2Fcomments&post=104"}],"wp:featuredmedia":[{"embeddable":true,"href":"https:\/\/www.agrolex.cz\/index.php?rest_route=\/wp\/v2\/media\/105"}],"wp:attachment":[{"href":"https:\/\/www.agrolex.cz\/index.php?rest_route=%2Fwp%2Fv2%2Fmedia&parent=104"}],"curies":[{"name":"wp","href":"https:\/\/api.w.org\/{rel}","templated":true}]}}