{"id":110,"date":"2020-06-09T15:02:59","date_gmt":"2020-06-09T15:02:59","guid":{"rendered":"http:\/\/www.agrolex.cz\/?post_type=product&#038;p=110"},"modified":"2022-04-18T22:05:36","modified_gmt":"2022-04-18T22:05:36","slug":"canvit-multi-pes","status":"publish","type":"product","link":"https:\/\/www.agrolex.cz\/?product=canvit-multi-pes","title":{"rendered":"Canvit Multi pro psy"},"content":{"rendered":"<p>Vitam\u00edny pro ka\u017edodenn\u00ed pou\u017eit\u00ed<\/p>\n<p>Podpora zdrav\u00ed a kondice<\/p>\n<p>Komplex 13 vitam\u00edn\u016f a lecitinu pro aktivn\u00ed podporu zdrav\u00ed, metabolismu, imunity a pam\u011bti u ps\u016f.<\/p>\n<p>Vitam\u00edny se \u00fa\u010dastn\u00ed v\u0161ech metabolick\u00fdch proces\u016f prob\u00edhaj\u00edc\u00edch v\u00a0t\u011ble. Vitam\u00edny jsou d\u016fle\u017eit\u00e9 pro tr\u00e1ven\u00ed, vst\u0159eb\u00e1v\u00e1n\u00ed a p\u0159em\u011bnu \u017eivin v\u00a0t\u011blesn\u00e9 tk\u00e1n\u011b. D\u00e1le se \u00fa\u010dastn\u00ed obran\u00fdch a detoxika\u010dn\u00edch a proces\u016f. Vitam\u00edny jsou d\u016fle\u017eit\u00e9 pro spr\u00e1vn\u00fd r\u016fst, v\u00fdvoj, reprodukci, obranyschopnost a udr\u017een\u00ed aktivity, kondice a celkov\u00e9ho zdrav\u00ed. Zv\u00fd\u0161en\u00e1 pot\u0159eba vitam\u00edn\u016f nast\u00e1v\u00e1 v\u00a0obdob\u00ed r\u016fstu, nemoci, rekonvalescence, b\u0159ezosti, kojen\u00ed a ve st\u00e1\u0159\u00ed.<\/p>\n<ul>\n<li>Lecitin pro podporu mozkov\u00e9 \u010dinnosti.<\/li>\n<li>13 \u017eivotn\u011b d\u016fle\u017eit\u00fdch vitamin\u016f pro celkov\u00e9 zdrav\u00ed.<\/li>\n<\/ul>\n<p>&nbsp;<\/p>\n<h4>Indikace:<\/h4>\n<p>Podpora spr\u00e1vn\u00e9ho r\u016fstu a v\u00fdvoje u \u0161t\u011b\u0148at, rostouc\u00edch ps\u016f, b\u0159ez\u00edch a koj\u00edc\u00edch fen<br \/>\nPodpora imunitn\u00edho syst\u00e9mu b\u011bhem onemocn\u011bn\u00ed nebo rekonvalescence<br \/>\nPodpora aktivn\u00edho zdrav\u00ed, imunity a pam\u011bti st\u00e1rnouc\u00edch a star\u00fdch ps\u016f<\/p>\n<h4>Zp\u016fsob pou\u017eit\u00ed:<\/h4>\n<p>Tablety se pod\u00e1vaj\u00ed p\u0159\u00edmo z ruky nebo rozdrcen\u00e9 do krmiva<\/p>\n<h4>Doporu\u010den\u00e1 denn\u00ed d\u00e1vka:<\/h4>\n<p>1 tbl na 5 kg v\u00e1hy zv\u00ed\u0159ete<\/p>\n<p>Jedna tableta obsahuje:<br \/>\n<strong>Vitam\u00edny:<\/strong>\u00a0Vitam\u00edn A 500 IU, vitam\u00edn D3 10 IU, vitam\u00edn E 3 500 \u00b5g, vitam\u00edn K 50 \u00b5g, vitam\u00edn B1 300 \u00b5g, vitam\u00edn B2 300 \u00b5g, vitam\u00edn B6 200 \u00b5g, vitam\u00edn B12 5 \u00b5g, vitam\u00edn C 3 000 \u00b5g, Biotin 250 \u00b5g, Niacinamid 1500 \u00b5g, Pantothenan v\u00e1penat\u00fd 1 000 \u00b5g, Kyselina listov\u00e1 25 \u00b5g<br \/>\n<strong>Fosfolipidy:<\/strong>\u00a0Inositol 80 \u00b5g, Lecitin 50 \u00b5g<\/p>\n<h4>Balen\u00ed:<\/h4>\n<p>100 g (100 tbl, pro psa o hmotnosti 10 kg vysta\u010d\u00ed na 50 dn\u016f)<br \/>\n500 g (500 tbl)<\/p>\n","protected":false},"excerpt":{"rendered":"<p>Vitam\u00edny pro ka\u017edodenn\u00ed pou\u017eit\u00ed<\/p>\n<p>Podpora zdrav\u00ed a kondice<\/p>\n<p>Komplex 13 vitam\u00edn\u016f a lecitinu pro aktivn\u00ed podporu zdrav\u00ed, metabolismu, imunity a pam\u011bti u ps\u016f.<\/p>\n","protected":false},"featured_media":111,"comment_status":"open","ping_status":"closed","template":"","meta":[],"_links":{"self":[{"href":"https:\/\/www.agrolex.cz\/index.php?rest_route=\/wp\/v2\/product\/110"}],"collection":[{"href":"https:\/\/www.agrolex.cz\/index.php?rest_route=\/wp\/v2\/product"}],"about":[{"href":"https:\/\/www.agrolex.cz\/index.php?rest_route=\/wp\/v2\/types\/product"}],"replies":[{"embeddable":true,"href":"https:\/\/www.agrolex.cz\/index.php?rest_route=%2Fwp%2Fv2%2Fcomments&post=110"}],"wp:featuredmedia":[{"embeddable":true,"href":"https:\/\/www.agrolex.cz\/index.php?rest_route=\/wp\/v2\/media\/111"}],"wp:attachment":[{"href":"https:\/\/www.agrolex.cz\/index.php?rest_route=%2Fwp%2Fv2%2Fmedia&parent=110"}],"curies":[{"name":"wp","href":"https:\/\/api.w.org\/{rel}","templated":true}]}}