{"id":488,"date":"2020-08-13T21:01:46","date_gmt":"2020-08-13T21:01:46","guid":{"rendered":"http:\/\/www.agrolex.cz\/?post_type=product&#038;p=488"},"modified":"2022-04-18T21:51:41","modified_gmt":"2022-04-18T21:51:41","slug":"canvit-sport-pro-psy","status":"publish","type":"product","link":"https:\/\/www.agrolex.cz\/?product=canvit-sport-pro-psy","title":{"rendered":"Canvit Sport pro psy"},"content":{"rendered":"<div class=\"off-canvas-wrapper\">\n<div class=\"off-canvas-content\" data-off-canvas-content=\"\">\n<div id=\"content\" class=\"single-product\">\n<div id=\"inner-content\">\n<div class=\"row product-header\">\n<div class=\"medium-12 columns\">\n<div class=\"row\">\n<div class=\"medium-7 columns\">\n<p class=\"product-subtitle02\">Pro aktivn\u00ed obdob\u00ed<\/p>\n<div class=\"off-canvas-wrapper\">\n<div class=\"off-canvas-content\" data-off-canvas-content=\"\">\n<div id=\"content\" class=\"single-product\">\n<div id=\"inner-content\">\n<div class=\"row product-data\" data-equalizer=\"j0320s-equalizer\" data-resize=\"9025ke-eq\" data-mutate=\"ov3fgk-eq\">\n<div class=\"medium-8 columns product-txt-container\" data-equalizer-watch=\"\">\n<article id=\"post-897\" class=\"post-897 product type-product status-publish has-post-thumbnail hentry\" role=\"article\">\n<section class=\"entry-content\">\n<div class=\"short-description\">\n<p>Energie a aminokyseliny pro aktivn\u00ed a sportuj\u00edc\u00ed psy<\/p>\n<p>Zdroj energie, aminokyselin, vitam\u00edn\u016f, omega-3 a omega-6 nenasycen\u00fdch mastn\u00fdch kyselin a probiotik pro udr\u017een\u00ed v\u00fdkonu, kondice a regeneraci u aktivn\u00edch a sportuj\u00edc\u00edch ps\u016f.<\/p>\n<p>Sportuj\u00edc\u00ed a aktivn\u00ed psi vy\u017eaduj\u00ed pro spr\u00e1vn\u00fd v\u00fdvoj sval\u016f, udr\u017een\u00ed kondice a v\u00fdkonu zv\u00fd\u0161en\u00fd p\u0159\u00edsun aminokyselin a vitam\u00edn\u016f. Canvit Sport je bohat\u00fdm zdrojem rychle dostupn\u00e9 energie, aminokyselin a vitam\u00edn\u016f a omega-3 a omega-6 nenasycen\u00fdch mastn\u00fdch kyselin pro aktivn\u00ed a sportuj\u00edc\u00ed psy.<\/p>\n<ul>\n<li>Vhodn\u00e9 pro psy v rekonvalescenci, feny po porodu a p\u0159i laktaci<\/li>\n<li>Obsahuje aminokyseliny pro rychlou obnovu sval\u016f<\/li>\n<li>S vitaminy a omega-3 a 6 mastn\u00fdmi kyselinami pro regeneraci organismu<\/li>\n<\/ul>\n<div class=\"off-canvas-wrapper\">\n<div class=\"off-canvas-content\" data-off-canvas-content=\"\">\n<div id=\"content\" class=\"single-product\">\n<div id=\"inner-content\">\n<div class=\"row product-description\">\n<div class=\"medium-12 columns\">\n<div class=\"off-canvas-wrapper\">\n<div class=\"off-canvas-content\" data-off-canvas-content=\"\">\n<div id=\"content\" class=\"single-product\">\n<div id=\"inner-content\">\n<div class=\"row product-description\">\n<div class=\"medium-12 columns\">\n<h4>Indikace:<\/h4>\n<p>Zdroj rychle dostupn\u00e9 energie pro sportuj\u00edc\u00ed a pracuj\u00edc\u00ed psy<br \/>\nUrychlen\u00ed regenerace sval\u016f a energetick\u00e9ho metabolismu po v\u00fdkonu<br \/>\nPodpora v\u00fdvoje sval\u016f a udr\u017een\u00ed kondice u sportovn\u00edch a pracovn\u00edch ps\u016f<\/p>\n<h4>Zp\u016fsob pou\u017eit\u00ed:<\/h4>\n<p>Tablety se pod\u00e1vaj\u00ed p\u0159\u00edmo z ruky nebo rozdrcen\u00e9 do krmiva aktivn\u00edm ps\u016fm v z\u00e1t\u011b\u017ei.<\/p>\n<h4>Doporu\u010den\u00e1 denn\u00ed d\u00e1vka:<\/h4>\n<p>1 tbl na 10 kg v\u00e1hy zv\u00ed\u0159ete<\/p>\n<p>Jedna tableta obsahuje:<br \/>\n<strong>Vitam\u00edny:<\/strong> Vitam\u00edn A 200 IU, vitam\u00edn D3 10 IU, vitam\u00edn E 5 000 \u00b5g, vitam\u00edn K 50 \u00b5g, vitam\u00edn B1 150 \u00b5g, vitam\u00edn B2 240 \u00b5g, vitam\u00edn B6 200 \u00b5g, vitam\u00edn B12 2 \u00b5g, vitam\u00edn C 3 000 \u00b5g, Biotin 100 \u00b5g, Niacinamid 850 \u00b5g, Pantothenan v\u00e1penat\u00fd 480 \u00b5g, kyselina listov\u00e1 26 \u00b5g, Cholin chlorid 19 000 \u00b5g<br \/>\n<strong>Mikroprvky:<\/strong> \u017delezo 2 450 \u00b5g, M\u011b\u010f 175 \u00b5g, Zinek 1 250 \u00b5g, Mangan 500 \u00b5g, J\u00f3d 25 \u00b5g, Selen 2 \u00b5g<br \/>\n<strong>Prebiotika:<\/strong> betaglukany, mannan-oligosacharidy (MOS)<br \/>\n<strong>Omega-3 a omega-6 nenasycen\u00e9 mastn\u00e9 kyseliny:<\/strong> DHA, EPA, ALA, GLA, LA<\/p>\n<h4>Balen\u00ed:<\/h4>\n<p>100 g (100 tbl, pro psa o hmotnosti 10 kg vysta\u010d\u00ed na 100 dn\u016f)<br \/>\n230 g (230 tbl, pro psa o hmotnosti 10 kg vysta\u010d\u00ed na 230 dn\u016f)<\/p>\n<\/div>\n<\/div>\n<\/div>\n<\/div>\n<\/div>\n<\/div>\n<\/div>\n<\/div>\n<\/div>\n<\/div>\n<\/div>\n<\/div>\n<\/div>\n<\/section>\n<\/article>\n<\/div>\n<\/div>\n<\/div>\n<\/div>\n<\/div>\n<\/div>\n<\/div>\n<\/div>\n<\/div>\n<\/div>\n<\/div>\n<\/div>\n<\/div>\n<\/div>\n","protected":false},"excerpt":{"rendered":"<p class=\"product-subtitle02\">Pro aktivn\u00ed obdob\u00ed<\/p>\n<div class=\"off-canvas-wrapper\">\n<div class=\"off-canvas-content\" data-off-canvas-content=\"\">\n<div id=\"content\" class=\"single-product\">\n<div id=\"inner-content\">\n<div class=\"row product-data\" data-equalizer=\"j0320s-equalizer\" data-resize=\"9025ke-eq\" data-mutate=\"ov3fgk-eq\">\n<div class=\"medium-8 columns product-txt-container\" data-equalizer-watch=\"\">\n<article id=\"post-897\" class=\"post-897 product type-product status-publish has-post-thumbnail hentry\" role=\"article\">\n<section class=\"entry-content\">\n<div class=\"short-description\">\n<p>Energie a aminokyseliny pro aktivn\u00ed a sportuj\u00edc\u00ed psy<\/p>\n<p>Zdroj energie, aminokyselin, vitam\u00edn\u016f, omega-3 a omega-6 nenasycen\u00fdch mastn\u00fdch kyselin a probiotik pro udr\u017een\u00ed v\u00fdkonu, kondice a regeneraci u aktivn\u00edch a sportuj\u00edc\u00edch ps\u016f.<\/p>\n<ul>\n<li>Vhodn\u00e9 pro psy v rekonvalescenci, feny po porodu a p\u0159i laktaci<\/li>\n<li>Obsahuje aminokyseliny pro rychlou obnovu sval\u016f<\/li>\n<li>S vitaminy a omega-3 a 6 mastn\u00fdmi kyselinami pro regeneraci organismu<\/li>\n<\/ul>\n<\/div>\n<\/section>\n<\/article>\n<\/div>\n<\/div>\n<\/div>\n<\/div>\n<\/div>\n<\/div>\n","protected":false},"featured_media":491,"comment_status":"open","ping_status":"closed","template":"","meta":[],"_links":{"self":[{"href":"https:\/\/www.agrolex.cz\/index.php?rest_route=\/wp\/v2\/product\/488"}],"collection":[{"href":"https:\/\/www.agrolex.cz\/index.php?rest_route=\/wp\/v2\/product"}],"about":[{"href":"https:\/\/www.agrolex.cz\/index.php?rest_route=\/wp\/v2\/types\/product"}],"replies":[{"embeddable":true,"href":"https:\/\/www.agrolex.cz\/index.php?rest_route=%2Fwp%2Fv2%2Fcomments&post=488"}],"wp:featuredmedia":[{"embeddable":true,"href":"https:\/\/www.agrolex.cz\/index.php?rest_route=\/wp\/v2\/media\/491"}],"wp:attachment":[{"href":"https:\/\/www.agrolex.cz\/index.php?rest_route=%2Fwp%2Fv2%2Fmedia&parent=488"}],"curies":[{"name":"wp","href":"https:\/\/api.w.org\/{rel}","templated":true}]}}