{"id":502,"date":"2020-08-13T21:35:00","date_gmt":"2020-08-13T21:35:00","guid":{"rendered":"http:\/\/www.agrolex.cz\/?post_type=product&#038;p=502"},"modified":"2020-08-13T22:15:20","modified_gmt":"2020-08-13T22:15:20","slug":"canvit-snacks-immunity-pro-psy","status":"publish","type":"product","link":"https:\/\/www.agrolex.cz\/?product=canvit-snacks-immunity-pro-psy","title":{"rendered":"Canvit Snacks Immunity pro psy"},"content":{"rendered":"<div class=\"off-canvas-wrapper\">\n<div class=\"off-canvas-content\" data-off-canvas-content=\"\">\n<div id=\"content\" class=\"single-product\">\n<div id=\"inner-content\">\n<div class=\"row product-header\">\n<div class=\"medium-12 columns\">\n<div class=\"row\">\n<div class=\"medium-7 columns\">\n<p class=\"product-subtitle02\">Pos\u00edlen\u00ed obranyschopnosti organismu<\/p>\n<div class=\"off-canvas-wrapper\">\n<div class=\"off-canvas-content\" data-off-canvas-content=\"\">\n<div id=\"content\" class=\"single-product\">\n<div id=\"inner-content\">\n<div class=\"row product-data\" data-equalizer=\"minezt-equalizer\" data-resize=\"2jc8bb-eq\" data-mutate=\"adebgz-eq\">\n<div class=\"medium-8 columns product-txt-container\" data-equalizer-watch=\"\">\n<article id=\"post-322\" class=\"post-322 product type-product status-publish has-post-thumbnail hentry\" role=\"article\">\n<section class=\"entry-content\">\n<div class=\"short-description\">\n<p>Aktivn\u00ed podpora a pos\u00edlen\u00ed imunity ve form\u011b chutn\u00e9ho pamlsku. Zdrav\u00e9 mls\u00e1n\u00ed pro silnou imunitu.<\/p>\n<p>Funk\u010dn\u00ed pamlsek s\u00a0jehn\u011b\u010d\u00edm je plnohodnotn\u00fdm zdrojem betaglukan\u016f, vitam\u00edn\u016f, spiruliny a \u0161\u00edpku pro aktivn\u00ed podporu imunity a zv\u00fd\u0161en\u00ed obranyschopnosti s\u00a0neodolatelnou chut\u00ed.<\/p>\n<p>Z\u00e1kladn\u00edm \u00fakolem imunitn\u00edho syst\u00e9mu je odhalen\u00ed a zne\u0161kodn\u011bn\u00ed infekc\u00ed a n\u00e1dor\u016f, a d\u00e1le hojen\u00ed po\u0161kozen\u00fdch nebo poran\u011bn\u00fdch tk\u00e1n\u00ed. Chronick\u00e9 infekce, z\u00e1n\u011bty a n\u00e1dory si vytvo\u0159ily mechanismy, kter\u00e9 br\u00e1n\u00ed jejich odhalen\u00ed a likvidaci imunitn\u00edm syst\u00e9mem. Bun\u011b\u010dn\u00e9 st\u011bny kvasinek, omega 3 nenasycen\u00e9 mastn\u00e9 kyseliny, spirulina a \u0161\u00edpek jsou p\u0159\u00edrodn\u00ed substance, kter\u00e9 posiluj\u00ed imunitn\u00ed syst\u00e9m. Pamlsek Canvit Immunity Health Care Snack zabezpe\u010duje pravideln\u00fd p\u0159\u00edsun \u00fa\u010dinn\u00fdch l\u00e1tek pro aktivn\u00ed podporu funkce imunitn\u00edho syst\u00e9mu, a nav\u00edc va\u0161emu psovi skv\u011ble chutn\u00e1.<\/p>\n<p>Dopl\u0148kov\u00e9 krmivo pro psy.<\/p>\n<ul>\n<li>P\u0159\u00edrodn\u00ed l\u00e1tky a vitaminy k pos\u00edlen\u00ed obranyschopnosti organismu<\/li>\n<li>Obsahuje prebiotika, spirulinu, \u0161\u00edpek a vitamin C<\/li>\n<\/ul>\n<div class=\"off-canvas-wrapper\">\n<div class=\"off-canvas-content\" data-off-canvas-content=\"\">\n<div id=\"content\" class=\"single-product\">\n<div id=\"inner-content\">\n<div class=\"row product-description\">\n<div class=\"medium-12 columns\">\n<h4>Slo\u017een\u00ed:<\/h4>\n<p>brambory, jehn\u011b (15 %), tekut\u00fd \u0161krob, sle\u010fov\u00fd olej (5 %), hydrolyzovan\u00e1 ku\u0159ec\u00ed j\u00e1tra, kolagen, pivovarsk\u00e9 kvasnice (zdroj mann-oligosacharid\u016f), su\u0161en\u00e1 Spirulina (20 g\/kg), su\u0161en\u00fd \u0161\u00edpek (10 g\/kg).<\/p>\n<h4>Analytick\u00e9 slo\u017eky:<\/h4>\n<p>hrub\u00fd protein 17,0 %, obsah tuku 7,5 %, vlhkost 17,0 %, hrub\u00fd popel 3,5 %, hrub\u00e1 vl\u00e1knina 1,5 %.<\/p>\n<h4>Nutri\u010dn\u00ed aditiva v 1 kg:<\/h4>\n<p>vitamin C (E301) 600 mg.<\/p>\n<h4>Indikace:<\/h4>\n<p>Zv\u00fd\u0161en\u00ed obranyschopnosti v pr\u016fb\u011bhu onemocn\u011bn\u00ed a rekonvalescence<br \/>\nPodpora tvorby protil\u00e1tek a aktivace imunitn\u00edho syst\u00e9mu p\u0159i vakcinaci<br \/>\nUrychlen\u00ed hojen\u00ed a rekonvalescence po operac\u00edch nebo \u00farazech<\/p>\n<h4>Zp\u016fsob pou\u017eit\u00ed:<\/h4>\n<p>Pamlsek Canvit Immunity Health Care Snack se pod\u00e1v\u00e1 p\u0159\u00edmo z ruky.<\/p>\n<h4>Doporu\u010den\u00e1 denn\u00ed d\u00e1vka:<\/h4>\n<p>1 \u2013 2 kosti\u010dky na 1 kg v\u00e1hy zv\u00ed\u0159ete<\/p>\n<p>10 kosti\u010dek pro 10 kg psa obsahuje<br \/>\nSt\u011bny kvasinek (betaglucany, MOS) 50 mg, Spirulina 200 mg, \u0160\u00edpek 100 mg, Omega 3 nenasycen\u00e9 mastn\u00e9 kyseliny: (EPA, DHA) 200 mg<\/p>\n<h4>Balen\u00ed:<\/h4>\n<p>200 g (250 kosti\u010dek, pro psa o hmotnosti 10 kg vysta\u010d\u00ed na 25 dn\u016f)<\/p>\n<\/div>\n<\/div>\n<\/div>\n<\/div>\n<\/div>\n<\/div>\n<\/div>\n<\/section>\n<\/article>\n<\/div>\n<\/div>\n<\/div>\n<\/div>\n<\/div>\n<\/div>\n<\/div>\n<\/div>\n<\/div>\n<\/div>\n<\/div>\n<\/div>\n<\/div>\n<\/div>\n","protected":false},"excerpt":{"rendered":"<p class=\"product-subtitle02\">Pos\u00edlen\u00ed obranyschopnosti organismu<\/p>\n<div class=\"off-canvas-wrapper\">\n<div class=\"off-canvas-content\" data-off-canvas-content=\"\">\n<div id=\"content\" class=\"single-product\">\n<div id=\"inner-content\">\n<div class=\"row product-data\" data-equalizer=\"minezt-equalizer\" data-resize=\"2jc8bb-eq\" data-mutate=\"adebgz-eq\">\n<div class=\"medium-8 columns product-txt-container\" data-equalizer-watch=\"\">\n<article id=\"post-322\" class=\"post-322 product type-product status-publish has-post-thumbnail hentry\" role=\"article\">\n<section class=\"entry-content\">\n<div class=\"short-description\">\n<p>Aktivn\u00ed podpora a pos\u00edlen\u00ed imunity ve form\u011b chutn\u00e9ho pamlsku. Zdrav\u00e9 mls\u00e1n\u00ed pro silnou imunitu.<\/p>\n<p>Funk\u010dn\u00ed pamlsek s\u00a0jehn\u011b\u010d\u00edm je plnohodnotn\u00fdm zdrojem betaglukan\u016f, vitam\u00edn\u016f, spiruliny a \u0161\u00edpku pro aktivn\u00ed podporu imunity a zv\u00fd\u0161en\u00ed obranyschopnosti s\u00a0neodolatelnou chut\u00ed.<\/p>\n<p>Dopl\u0148kov\u00e9 krmivo pro psy.<\/p>\n<ul>\n<li>P\u0159\u00edrodn\u00ed l\u00e1tky a vitaminy k pos\u00edlen\u00ed obranyschopnosti organismu<\/li>\n<li>Obsahuje prebiotika, spirulinu, \u0161\u00edpek a vitamin C<\/li>\n<\/ul>\n<\/div>\n<\/section>\n<\/article>\n<\/div>\n<\/div>\n<\/div>\n<\/div>\n<\/div>\n<\/div>\n<div class=\"off-canvas-wrapper\">\n<div class=\"off-canvas-content\" data-off-canvas-content=\"\">\n<div id=\"content\" class=\"single-product\">\n<div id=\"inner-content\">\n<div class=\"row product-data\" data-equalizer=\"minezt-equalizer\" data-resize=\"2jc8bb-eq\" data-mutate=\"adebgz-eq\">\n<div class=\"medium-8 columns product-txt-container\" data-equalizer-watch=\"\">\n<article id=\"post-322\" class=\"post-322 product type-product status-publish has-post-thumbnail hentry\" role=\"article\">\n<section class=\"entry-content\">\n<div class=\"short-description\"><\/div>\n<\/section>\n<\/article>\n<\/div>\n<\/div>\n<\/div>\n<\/div>\n<\/div>\n<\/div>\n","protected":false},"featured_media":503,"comment_status":"open","ping_status":"closed","template":"","meta":[],"_links":{"self":[{"href":"https:\/\/www.agrolex.cz\/index.php?rest_route=\/wp\/v2\/product\/502"}],"collection":[{"href":"https:\/\/www.agrolex.cz\/index.php?rest_route=\/wp\/v2\/product"}],"about":[{"href":"https:\/\/www.agrolex.cz\/index.php?rest_route=\/wp\/v2\/types\/product"}],"replies":[{"embeddable":true,"href":"https:\/\/www.agrolex.cz\/index.php?rest_route=%2Fwp%2Fv2%2Fcomments&post=502"}],"wp:featuredmedia":[{"embeddable":true,"href":"https:\/\/www.agrolex.cz\/index.php?rest_route=\/wp\/v2\/media\/503"}],"wp:attachment":[{"href":"https:\/\/www.agrolex.cz\/index.php?rest_route=%2Fwp%2Fv2%2Fmedia&parent=502"}],"curies":[{"name":"wp","href":"https:\/\/api.w.org\/{rel}","templated":true}]}}