{"id":504,"date":"2020-08-13T21:42:39","date_gmt":"2020-08-13T21:42:39","guid":{"rendered":"http:\/\/www.agrolex.cz\/?post_type=product&#038;p=504"},"modified":"2022-04-18T21:47:56","modified_gmt":"2022-04-18T21:47:56","slug":"canvit-snacks-mobility-pro-psy","status":"publish","type":"product","link":"https:\/\/www.agrolex.cz\/?product=canvit-snacks-mobility-pro-psy","title":{"rendered":"Canvit Snacks Mobility pro psy"},"content":{"rendered":"<div class=\"off-canvas-wrapper\">\n<div class=\"off-canvas-content\" data-off-canvas-content=\"\">\n<div id=\"content\" class=\"single-product\">\n<div id=\"inner-content\">\n<div class=\"row product-header\">\n<div class=\"medium-12 columns\">\n<div class=\"row\">\n<div class=\"medium-7 columns\">\n<p class=\"product-subtitle02\">Regenerace kloub\u016f a zlep\u0161en\u00ed pohyblivosti<\/p>\n<div class=\"off-canvas-wrapper\">\n<div class=\"off-canvas-content\" data-off-canvas-content=\"\">\n<div id=\"content\" class=\"single-product\">\n<div id=\"inner-content\">\n<div class=\"row product-data\" data-equalizer=\"i5pcjw-equalizer\" data-resize=\"0udas5-eq\" data-mutate=\"wduk02-eq\">\n<div class=\"medium-8 columns product-txt-container\" data-equalizer-watch=\"\">\n<article id=\"post-324\" class=\"post-324 product type-product status-publish has-post-thumbnail hentry\" role=\"article\">\n<section class=\"entry-content\">\n<div class=\"short-description\">\n<p>Kompletn\u00ed kloubn\u00ed v\u00fd\u017eiva pro psy ve form\u011b chutn\u00e9ho pamlsku.<br \/>\nZdrav\u00e9 mls\u00e1n\u00ed pro zdrav\u00e9 klouby.<\/p>\n<p>Funk\u010dn\u00ed pamlsek s\u00a0ku\u0159ec\u00edm je plnohodnotn\u00fdm zdrojem komplexn\u00ed kloubn\u00ed v\u00fd\u017eivy pro ka\u017edodenn\u00ed odm\u011bnu va\u0161eho psa.<\/p>\n<p>Kloubn\u00ed chrupavky maj\u00ed omezenou schopnost regenerace a obnovy. B\u011bhem \u017eivota doch\u00e1z\u00ed k\u00a0postupn\u00e9mu opot\u0159ebov\u00e1v\u00e1n\u00ed chrupavky a k\u00a0jej\u00edmu po\u0161kozen\u00ed. Zpomalit opot\u0159eben\u00ed kloubn\u00ed chrupavky a zlep\u0161it jej\u00ed regeneraci lze t\u00edm, \u017ee kloubu dod\u00e1v\u00e1me stavebn\u00ed kameny chrupavky ve form\u011b kloubn\u00ed v\u00fd\u017eivy. Z\u00e1kladn\u00edmi stavebn\u00edmi kameny chrupavky a kloubn\u00edch struktur je glukosamin, chondroitin a kolagen. Mezi dal\u0161\u00ed l\u00e1tky, kter\u00e9 dok\u00e1\u017eou potla\u010dit z\u00e1n\u011btliv\u00e9 procesy a bolestivost kloubu pat\u0159\u00ed MSM, kyselina hyaluronov\u00e1, ESM (membr\u00e1na z vaje\u010dn\u00fdch sko\u0159\u00e1pek) p\u0159\u00edpadn\u011b r\u016fzn\u00e9 byliny jako je nap\u0159\u00edklad ko\u010di\u010d\u00ed dr\u00e1p. Pamlsek Canvit Mobility Health Care Snack zabezpe\u010duje pravideln\u00fd p\u0159\u00edsun komplexn\u00ed kloubn\u00ed v\u00fd\u017eivy pro zdrav\u00e9 a pohybliv\u00e9 klouby, a nav\u00edc va\u0161emu psovi skv\u011ble chutn\u00e1.<\/p>\n<p>Dopl\u0148kov\u00e9 krmivo pro psy.<\/p>\n<ul>\n<li>Kombinace chondroprotektiv a \u00fa\u010dinn\u00fdch l\u00e1tek k regeneraci kloub\u016f a zlep\u0161en\u00ed pohyblivosti<\/li>\n<li>MSM je zdrojem organicky v\u00e1zan\u00e9 s\u00edry se siln\u00fd protiz\u00e1n\u011btliv\u00fdch a analgetick\u00fdm \u00fa\u010dinkem<\/li>\n<li>P\u0159idan\u00e9 membr\u00e1ny vaje\u010dn\u00fdch sko\u0159\u00e1pek pro urychlen\u00ed n\u00e1stupu funkce chondra<\/li>\n<\/ul>\n<div class=\"off-canvas-wrapper\">\n<div class=\"off-canvas-content\" data-off-canvas-content=\"\">\n<div id=\"content\" class=\"single-product\">\n<div id=\"inner-content\">\n<div class=\"row product-description\">\n<div class=\"medium-12 columns\">\n<h4>Slo\u017een\u00ed:<\/h4>\n<p>brambory, ku\u0159e (15 %), tekut\u00fd \u0161krob, sle\u010fov\u00fd olej (5 %), hydrolyzovan\u00e1 ku\u0159ec\u00ed j\u00e1tra, kolagen, glukosamine sulf\u00e1t (15 g\/kg), membr\u00e1na vaje\u010dn\u00fdch sko\u0159\u00e1pek (10 g\/kg), chondroitin sulf\u00e1t (8 g\/kg), methylsulfonyl (6 g\/kg), su\u0161en\u00fd \u0159emdih\u00e1k plstnat\u00fd (Uncaria tomentosa, 1 g\/kg).<\/p>\n<h4>Analytick\u00e9 slo\u017eky:<\/h4>\n<p>hrub\u00fd protein 16,0 %, obsah tuku 7,5 %, vlhkost 17,0 %, hrub\u00fd popel 4,0 %, hrub\u00e1 vl\u00e1knina 1,5 %.<\/p>\n<h4>Nutri\u010dn\u00ed aditiva v 1 kg:<\/h4>\n<p>vitamin C (E301) 600 mg.<\/p>\n<h4>Indikace:<\/h4>\n<p>Podpora v\u00fdvoje a r\u016fstu kloub\u016f u \u0161t\u011b\u0148at a rostouc\u00edch ps\u016f<br \/>\nPodpora regenerace a ochrana kloub\u016f u aktivn\u00edch a sportuj\u00edc\u00edch ps\u016f<br \/>\nZpomalen\u00ed opot\u0159eben\u00ed a ochrana kloub\u016f u st\u00e1rnouc\u00edch a o ob\u00e9zn\u00edch ps\u016f<\/p>\n<h4>Zp\u016fsob pou\u017eit\u00ed:<\/h4>\n<p>Pamlsek Canvit Mobility Health Care Snack se pod\u00e1v\u00e1 p\u0159\u00edmo z ruky.<\/p>\n<h4>Doporu\u010den\u00e1 denn\u00ed d\u00e1vka:<\/h4>\n<p>1 \u2013 2 kosti\u010dky na 1 kg v\u00e1hy zv\u00ed\u0159ete<\/p>\n<p>20 kosti\u010dek pro 10 kg psa obsahuje<br \/>\nGlucosamin sulf\u00e1t 240 mg, Chondroitin sulf\u00e1t 130 mg, MSM 100 mg, ESM (membr\u00e1na z vaje\u010dn\u00fdch sko\u0159\u00e1pek) 160 mg, omega-3 nenasycen\u00e9 mastn\u00e9 kyseliny 200 mg, kolagen 400 mg, \u0158emdih\u00e1k plstnat\u00fd (Uncaria tomentosa) 16 mg a Vitam\u00edn C 15 mg,<\/p>\n<h4>Balen\u00ed:<\/h4>\n<p>200 g (250 kosti\u010dek, pro psa o hmotnosti 10 kg vysta\u010d\u00ed na 15 dn\u016f)<\/p>\n<\/div>\n<\/div>\n<\/div>\n<\/div>\n<\/div>\n<\/div>\n<\/div>\n<\/section>\n<\/article>\n<\/div>\n<\/div>\n<\/div>\n<\/div>\n<\/div>\n<\/div>\n<\/div>\n<\/div>\n<\/div>\n<\/div>\n<\/div>\n<\/div>\n<\/div>\n<\/div>\n","protected":false},"excerpt":{"rendered":"<p class=\"product-subtitle02\">Regenerace kloub\u016f a zlep\u0161en\u00ed pohyblivosti<\/p>\n<div class=\"off-canvas-wrapper\">\n<div class=\"off-canvas-content\" data-off-canvas-content=\"\">\n<div id=\"content\" class=\"single-product\">\n<div id=\"inner-content\">\n<div class=\"row product-data\" data-equalizer=\"i5pcjw-equalizer\" data-resize=\"0udas5-eq\" data-mutate=\"wduk02-eq\">\n<div class=\"medium-8 columns product-txt-container\" data-equalizer-watch=\"\">\n<article id=\"post-324\" class=\"post-324 product type-product status-publish has-post-thumbnail hentry\" role=\"article\">\n<section class=\"entry-content\">\n<div class=\"short-description\">\n<p>Kompletn\u00ed kloubn\u00ed v\u00fd\u017eiva pro psy ve form\u011b chutn\u00e9ho pamlsku.<br \/>\nZdrav\u00e9 mls\u00e1n\u00ed pro zdrav\u00e9 klouby.<\/p>\n<p>Funk\u010dn\u00ed pamlsek s\u00a0ku\u0159ec\u00edm je plnohodnotn\u00fdm zdrojem komplexn\u00ed kloubn\u00ed v\u00fd\u017eivy pro ka\u017edodenn\u00ed odm\u011bnu va\u0161eho psa.<\/p>\n<p>Dopl\u0148kov\u00e9 krmivo pro psy.<\/p>\n<ul>\n<li>Kombinace chondroprotektiv a \u00fa\u010dinn\u00fdch l\u00e1tek k regeneraci kloub\u016f a zlep\u0161en\u00ed pohyblivosti<\/li>\n<li>MSM je zdrojem organicky v\u00e1zan\u00e9 s\u00edry se siln\u00fd protiz\u00e1n\u011btliv\u00fdch a analgetick\u00fdm \u00fa\u010dinkem<\/li>\n<li>P\u0159idan\u00e9 membr\u00e1ny vaje\u010dn\u00fdch sko\u0159\u00e1pek pro urychlen\u00ed n\u00e1stupu funkce chondra<\/li>\n<\/ul>\n<\/div>\n<\/section>\n<\/article>\n<\/div>\n<\/div>\n<\/div>\n<\/div>\n<\/div>\n<\/div>\n","protected":false},"featured_media":505,"comment_status":"open","ping_status":"closed","template":"","meta":[],"_links":{"self":[{"href":"https:\/\/www.agrolex.cz\/index.php?rest_route=\/wp\/v2\/product\/504"}],"collection":[{"href":"https:\/\/www.agrolex.cz\/index.php?rest_route=\/wp\/v2\/product"}],"about":[{"href":"https:\/\/www.agrolex.cz\/index.php?rest_route=\/wp\/v2\/types\/product"}],"replies":[{"embeddable":true,"href":"https:\/\/www.agrolex.cz\/index.php?rest_route=%2Fwp%2Fv2%2Fcomments&post=504"}],"wp:featuredmedia":[{"embeddable":true,"href":"https:\/\/www.agrolex.cz\/index.php?rest_route=\/wp\/v2\/media\/505"}],"wp:attachment":[{"href":"https:\/\/www.agrolex.cz\/index.php?rest_route=%2Fwp%2Fv2%2Fmedia&parent=504"}],"curies":[{"name":"wp","href":"https:\/\/api.w.org\/{rel}","templated":true}]}}