{"id":528,"date":"2020-08-14T09:41:39","date_gmt":"2020-08-14T09:41:39","guid":{"rendered":"http:\/\/www.agrolex.cz\/?post_type=product&#038;p=528"},"modified":"2021-09-08T12:17:32","modified_gmt":"2021-09-08T12:17:32","slug":"canvit-barf-fruit-mix","status":"publish","type":"product","link":"https:\/\/www.agrolex.cz\/?product=canvit-barf-fruit-mix","title":{"rendered":"Canvit BARF Fruit Mix"},"content":{"rendered":"<p>Canvit BARF Sm\u011bs ovoce a bylin<\/p>\n<div class=\"off-canvas-wrapper\">\n<div class=\"off-canvas-content\" data-off-canvas-content=\"\">\n<div id=\"content\" class=\"single-product\">\n<div id=\"inner-content\">\n<div class=\"row product-header\">\n<div class=\"medium-12 columns\">\n<div class=\"row\">\n<div class=\"medium-7 columns\">\n<p class=\"product-subtitle02\">P\u0159\u00edrodn\u00ed produkt obsahuj\u00edc\u00ed r\u016fzn\u00e9 druhy ovoce a bylin pro dopln\u011bn\u00ed k BARF strav\u011b.<\/p>\n<div class=\"off-canvas-wrapper\">\n<div class=\"off-canvas-content\" data-off-canvas-content=\"\">\n<div id=\"content\" class=\"single-product\">\n<div id=\"inner-content\">\n<div class=\"row product-data\" data-equalizer=\"vs1jv7-equalizer\" data-resize=\"df69n3-eq\" data-mutate=\"69z39e-eq\">\n<div class=\"medium-8 columns product-txt-container\" data-equalizer-watch=\"\">\n<article id=\"post-845\" class=\"post-845 product type-product status-publish has-post-thumbnail hentry\" role=\"article\">\n<section class=\"entry-content\">\n<div class=\"short-description\">\n<p>Ovoce hraje v j\u00eddeln\u00ed\u010dku B.A.R.F. nezastupitelnou roli, dopl\u0148uje v organismu nezbytn\u00e9 vitam\u00edny, miner\u00e1ly a je zdrojem nepostradateln\u00e9 vl\u00e1kniny, d\u016fle\u017eit\u00e9 pro zdrav\u00e9 za\u017e\u00edv\u00e1n\u00ed. Ovocn\u00fd mix je \u0161etrn\u011b zpracovan\u00fd su\u0161en\u00edm a mlet\u00edm tak, aby si zachoval p\u016fvodn\u00ed nutri\u010dn\u00ed vlastnosti.<\/p>\n<p>Dopl\u0148kov\u00e9 krmivo pro psy.<\/p>\n<div class=\"off-canvas-wrapper\">\n<div class=\"off-canvas-content\" data-off-canvas-content=\"\">\n<div id=\"content\" class=\"single-product\">\n<div id=\"inner-content\">\n<div class=\"row product-description\">\n<div class=\"medium-12 columns\">\n<h4>Slo\u017een\u00ed:<\/h4>\n<p>Su\u0161en\u00e1 jablka (30%), ln\u011bn\u00e9 sem\u00ednko (20%), bor\u016fvky (10%), maliny (10%), sm\u011bs ryb\u00edzu (10%), aronie (5%), Kelpa (5%), bylinn\u00e1 sm\u011bs (pampeli\u0161ka, licho\u0159e\u0159i\u0161nice a kop\u0159iva) 10%.<\/p>\n<h4>Analytick\u00e9 slo\u017eky:<\/h4>\n<p>hrub\u00e1 vl\u00e1knina 8,0 %, obsah tuku 8,5 %, hrub\u00fd protein 9,0 %, hrub\u00fd popel 5,5 %.<\/p>\n<h4>Krmn\u00fd n\u00e1vod:<\/h4>\n<p>1-2 x t\u00fddn\u011b nahra\u010fte obvyklou d\u00e1vku \u010derstv\u00e9ho ovoce sm\u011bs\u00ed Canvit Fruit Mix v d\u00e1vce uveden\u00e9 v tabulce. Pokud v\u00e1\u0161 pes odm\u00edt\u00e1 p\u0159ij\u00edmat \u010derstv\u00e9 ovoce a zeleninu, m\u016f\u017eete pod\u00e1vat denn\u011b.<\/p>\n<h4>D\u00e1vkov\u00e1n\u00ed:<\/h4>\n<p>na 10 kg psa: 5-10 g = \u00bd \u2013 1 l\u017ei\u010dka denn\u011b<\/p>\n<h4>Balen\u00ed:<\/h4>\n<p>800 g pro psa do 10 kg vydr\u017e\u00ed po dobu 5 \u2013 10 m\u011bs\u00edc\u016f<\/p>\n<h4>Skladov\u00e1n\u00ed:<\/h4>\n<p>v suchu, temnu, v p\u016fvodn\u00edm uzav\u0159en\u00e9m obalu.<\/p>\n<h4>Krmn\u00e1 tabulka:<\/h4>\n<table class=\"table-feed\">\n<tbody>\n<tr>\n<th><\/th>\n<th>Denn\u00ed d\u00e1vka:<\/th>\n<\/tr>\n<tr>\n<td>Mal\u00e1 plemena a ko\u010dky (1-10kg)<\/td>\n<td>\u00bd l\u017ei\u010dky<\/td>\n<\/tr>\n<tr>\n<td>St\u0159edn\u00ed plemena (10-25 kg)<\/td>\n<td>1 l\u017ei\u010dka<\/td>\n<\/tr>\n<tr>\n<td>Velk\u00e1 plemena (25-45kg)<\/td>\n<td>1 1\/2 l\u017ei\u010dky\/td&gt;<\/td>\n<\/tr>\n<tr>\n<td>Ob\u0159\u00ed plemena (nad 45 kg)<\/td>\n<td>2 l\u017ei\u010dky<\/td>\n<\/tr>\n<\/tbody>\n<\/table>\n<\/div>\n<\/div>\n<\/div>\n<\/div>\n<\/div>\n<\/div>\n<\/div>\n<\/section>\n<\/article>\n<\/div>\n<\/div>\n<\/div>\n<\/div>\n<\/div>\n<\/div>\n<\/div>\n<\/div>\n<\/div>\n<\/div>\n<\/div>\n<\/div>\n<\/div>\n<\/div>\n","protected":false},"excerpt":{"rendered":"<p>Canvit BARF Sm\u011bs ovoce a bylin<\/p>\n<div class=\"off-canvas-wrapper\">\n<div class=\"off-canvas-content\" data-off-canvas-content=\"\">\n<div id=\"content\" class=\"single-product\">\n<div id=\"inner-content\">\n<div class=\"row product-header\">\n<div class=\"medium-12 columns\">\n<div class=\"row\">\n<div class=\"medium-7 columns\">\n<p class=\"product-subtitle02\">P\u0159\u00edrodn\u00ed produkt obsahuj\u00edc\u00ed r\u016fzn\u00e9 druhy ovoce a bylin pro dopln\u011bn\u00ed k BARF strav\u011b.<\/p>\n<div class=\"off-canvas-wrapper\">\n<div class=\"off-canvas-content\" data-off-canvas-content=\"\">\n<div id=\"content\" class=\"single-product\">\n<div id=\"inner-content\">\n<div class=\"row product-data\" data-equalizer=\"vs1jv7-equalizer\" data-resize=\"df69n3-eq\" data-mutate=\"69z39e-eq\">\n<div class=\"medium-8 columns product-txt-container\" data-equalizer-watch=\"\">\n<article id=\"post-845\" class=\"post-845 product type-product status-publish has-post-thumbnail hentry\" role=\"article\">\n<section class=\"entry-content\">\n<div class=\"short-description\">\n<p>Ovoce hraje v j\u00eddeln\u00ed\u010dku B.A.R.F. nezastupitelnou roli, dopl\u0148uje v organismu nezbytn\u00e9 vitam\u00edny, miner\u00e1ly a je zdrojem nepostradateln\u00e9 vl\u00e1kniny, d\u016fle\u017eit\u00e9 pro zdrav\u00e9 za\u017e\u00edv\u00e1n\u00ed. Ovocn\u00fd mix je \u0161etrn\u011b zpracovan\u00fd su\u0161en\u00edm a mlet\u00edm tak, aby si zachoval p\u016fvodn\u00ed nutri\u010dn\u00ed vlastnosti.<\/p>\n<p>Dopl\u0148kov\u00e9 krmivo pro psy.<\/p>\n<\/div>\n<\/section>\n<\/article>\n<\/div>\n<\/div>\n<\/div>\n<\/div>\n<\/div>\n<\/div>\n<\/div>\n<\/div>\n<\/div>\n<\/div>\n<\/div>\n<\/div>\n<\/div>\n<\/div>\n","protected":false},"featured_media":529,"comment_status":"open","ping_status":"closed","template":"","meta":[],"_links":{"self":[{"href":"https:\/\/www.agrolex.cz\/index.php?rest_route=\/wp\/v2\/product\/528"}],"collection":[{"href":"https:\/\/www.agrolex.cz\/index.php?rest_route=\/wp\/v2\/product"}],"about":[{"href":"https:\/\/www.agrolex.cz\/index.php?rest_route=\/wp\/v2\/types\/product"}],"replies":[{"embeddable":true,"href":"https:\/\/www.agrolex.cz\/index.php?rest_route=%2Fwp%2Fv2%2Fcomments&post=528"}],"wp:featuredmedia":[{"embeddable":true,"href":"https:\/\/www.agrolex.cz\/index.php?rest_route=\/wp\/v2\/media\/529"}],"wp:attachment":[{"href":"https:\/\/www.agrolex.cz\/index.php?rest_route=%2Fwp%2Fv2%2Fmedia&parent=528"}],"curies":[{"name":"wp","href":"https:\/\/api.w.org\/{rel}","templated":true}]}}