{"id":549,"date":"2020-08-14T10:40:53","date_gmt":"2020-08-14T10:40:53","guid":{"rendered":"http:\/\/www.agrolex.cz\/?post_type=product&#038;p=549"},"modified":"2022-04-18T21:41:12","modified_gmt":"2022-04-18T21:41:12","slug":"canvit-barf-minelar-balancer","status":"publish","type":"product","link":"https:\/\/www.agrolex.cz\/?product=canvit-barf-minelar-balancer","title":{"rendered":"Canvit BARF Mineral Balancer"},"content":{"rendered":"<div class=\"off-canvas-wrapper\">\n<div class=\"off-canvas-content\" data-off-canvas-content=\"\">\n<div id=\"content\" class=\"single-product\">\n<div id=\"inner-content\">\n<div class=\"row product-header\">\n<div class=\"medium-12 columns\">\n<div class=\"row\">\n<div class=\"medium-7 columns\">\n<p class=\"product-subtitle02\">V\u00e1pn\u00edk, mikroprvky a vitam\u00edny pro vybalancov\u00e1n\u00ed BARF stravy ve form\u011b pr\u00e1\u0161ku<\/p>\n<div class=\"off-canvas-wrapper\">\n<div class=\"off-canvas-content\" data-off-canvas-content=\"\">\n<div id=\"content\" class=\"single-product\">\n<div id=\"inner-content\">\n<div class=\"row product-data\" data-equalizer=\"gdzwkt-equalizer\" data-resize=\"dp9odh-eq\" data-mutate=\"swjoqi-eq\">\n<div class=\"medium-8 columns product-txt-container\" data-equalizer-watch=\"\">\n<article id=\"post-816\" class=\"post-816 product type-product status-publish has-post-thumbnail hentry\" role=\"article\">\n<section class=\"entry-content\">\n<div class=\"short-description\">\n<p>P\u0159\u00edrodn\u00ed zdroj v\u00e1pn\u00edku, miner\u00e1l\u016f, mikroprvk\u016f a vitam\u00edn\u016f skupiny B.<\/p>\n<p>D\u00edky obsa\u017een\u00fdm vaje\u010dn\u00fdm sko\u0159\u00e1pk\u00e1m, p\u0159\u00edrodn\u00edho a lehce vyu\u017eiteln\u00e9ho zdroje v\u00e1pn\u00edku, je Mineral Balancer vhodn\u00fdm dopl\u0148kem zejm\u00e9na pro psy krmen\u00e9 BARF stravou. Obsa\u017een\u00e1 hn\u011bd\u00e1 \u0159asa Kelp (Ascophyllum nodosum) je p\u0159\u00edrodn\u00edm zdrojem miner\u00e1l\u016f a mikroprvk\u016f a m\u00e1 v\u00fdborn\u00e9 antioxida\u010dn\u00ed \u00fa\u010dinky.<\/p>\n<p>P\u0159\u00edrodn\u00edm zdrojem vitam\u00edn\u016f skupiny B a aminokyselin jsou pivovarsk\u00e9 kvasnice, kter\u00e9 podporuj\u00ed imunitu. Zelen\u00e1 \u0159asa Chlorela a Yucca Schidigera, pou\u0161tn\u00ed bylina s vysok\u00fdm obsahem saponin\u016f, podporuj\u00ed tr\u00e1ven\u00ed a p\u016fsob\u00ed detoxika\u010dn\u011b.<\/p>\n<p>Dopl\u0148kov\u00e9 krmivo pro psy.<\/p>\n<div class=\"off-canvas-wrapper\">\n<div class=\"off-canvas-content\" data-off-canvas-content=\"\">\n<div id=\"content\" class=\"single-product\">\n<div id=\"inner-content\">\n<div class=\"row product-description\">\n<div class=\"medium-12 columns\">\n<h4>Slo\u017een\u00ed:<\/h4>\n<p>su\u0161en\u00e9 vaje\u010dn\u00e9 sko\u0159\u00e1pky, Kelp (Ascophyllum nodosum), pivovarsk\u00e9 kvasnice, Chlorela, Yucca Schidigera.<\/p>\n<h4>Analytick\u00e9 slo\u017eky:<\/h4>\n<p>hrub\u00e1 vl\u00e1knina 1 %, obsah tuku 11 %, hrub\u00fd protein 4,1 %, popel 66,9 %, v\u00e1pn\u00edk 25%, fosfor 0,2%.<\/p>\n<h4>Krmn\u00fd n\u00e1vod:<\/h4>\n<p>Pod\u00e1v\u00e1 se zam\u00edchan\u00e9 do krmiva dle doporu\u010den\u00e9ho d\u00e1vkov\u00e1n\u00ed jako vhodn\u00fd dopln\u011bk k\u00a0BARF strav\u011b. Pro optim\u00e1ln\u00ed efekt pod\u00e1vejte dlouhodob\u011b.<\/p>\n<h4>D\u00e1vkov\u00e1n\u00ed:<\/h4>\n<p>na 10 kg psa: \u00bc l\u017ei\u010dky denn\u011b<\/p>\n<h4>Balen\u00ed:<\/h4>\n<p>260 g pro psa do 10 kg vydr\u017e\u00ed po dobu 4 m\u011bs\u00edc\u016f<\/p>\n<h4>Skladov\u00e1n\u00ed:<\/h4>\n<p>v suchu, temnu, v p\u016fvodn\u00edm uzav\u0159en\u00e9m obalu.<\/p>\n<h4>Krmn\u00e1 tabulka:<\/h4>\n<table class=\"table-feed\">\n<tbody>\n<tr>\n<th><\/th>\n<th>Denn\u00ed d\u00e1vka:<\/th>\n<\/tr>\n<tr>\n<td>Mal\u00e1 plemena a ko\u010dky (1-10kg)<\/td>\n<td>1\/4 l\u017ei\u010dky<\/td>\n<\/tr>\n<tr>\n<td>St\u0159edn\u00ed plemena (10-25 kg)<\/td>\n<td>1\/3 l\u017ei\u010dky<\/td>\n<\/tr>\n<tr>\n<td>Velk\u00e1 plemena (25-45kg)<\/td>\n<td>2\/3 l\u017ei\u010dky<\/td>\n<\/tr>\n<tr>\n<td>Ob\u0159\u00ed plemena (nad 45 kg)<\/td>\n<td>1 l\u017ei\u010dka<\/td>\n<\/tr>\n<\/tbody>\n<\/table>\n<\/div>\n<\/div>\n<\/div>\n<\/div>\n<\/div>\n<\/div>\n<\/div>\n<\/section>\n<\/article>\n<\/div>\n<\/div>\n<\/div>\n<\/div>\n<\/div>\n<\/div>\n<\/div>\n<\/div>\n<\/div>\n<\/div>\n<\/div>\n<\/div>\n<\/div>\n<\/div>\n","protected":false},"excerpt":{"rendered":"<p class=\"product-subtitle02\">V\u00e1pn\u00edk, mikroprvky a vitam\u00edny pro vybalancov\u00e1n\u00ed BARF stravy ve form\u011b pr\u00e1\u0161ku<\/p>\n<div class=\"off-canvas-wrapper\">\n<div class=\"off-canvas-content\" data-off-canvas-content=\"\">\n<div id=\"content\" class=\"single-product\">\n<div id=\"inner-content\">\n<div class=\"row product-data\" data-equalizer=\"gdzwkt-equalizer\" data-resize=\"dp9odh-eq\" data-mutate=\"swjoqi-eq\">\n<div class=\"medium-8 columns product-txt-container\" data-equalizer-watch=\"\">\n<article id=\"post-816\" class=\"post-816 product type-product status-publish has-post-thumbnail hentry\" role=\"article\">\n<section class=\"entry-content\">\n<div class=\"short-description\">\n<p>P\u0159\u00edrodn\u00ed zdroj v\u00e1pn\u00edku, miner\u00e1l\u016f, mikroprvk\u016f a vitam\u00edn\u016f skupiny B.<\/p>\n<p>D\u00edky obsa\u017een\u00fdm vaje\u010dn\u00fdm sko\u0159\u00e1pk\u00e1m, p\u0159\u00edrodn\u00edho a lehce vyu\u017eiteln\u00e9ho zdroje v\u00e1pn\u00edku, je Mineral Balancer vhodn\u00fdm dopl\u0148kem zejm\u00e9na pro psy krmen\u00e9 BARF stravou. Obsa\u017een\u00e1 hn\u011bd\u00e1 \u0159asa Kelp (Ascophyllum nodosum) je p\u0159\u00edrodn\u00edm zdrojem miner\u00e1l\u016f a mikroprvk\u016f a m\u00e1 v\u00fdborn\u00e9 antioxida\u010dn\u00ed \u00fa\u010dinky.<\/p>\n<p>P\u0159\u00edrodn\u00edm zdrojem vitam\u00edn\u016f skupiny B a aminokyselin jsou pivovarsk\u00e9 kvasnice, kter\u00e9 podporuj\u00ed imunitu. Zelen\u00e1 \u0159asa Chlorela a Yucca Schidigera, pou\u0161tn\u00ed bylina s vysok\u00fdm obsahem saponin\u016f, podporuj\u00ed tr\u00e1ven\u00ed a p\u016fsob\u00ed detoxika\u010dn\u011b.<\/p>\n<p>Dopl\u0148kov\u00e9 krmivo pro psy.<\/p>\n<\/div>\n<\/section>\n<\/article>\n<\/div>\n<\/div>\n<\/div>\n<\/div>\n<\/div>\n<\/div>\n","protected":false},"featured_media":550,"comment_status":"open","ping_status":"closed","template":"","meta":[],"_links":{"self":[{"href":"https:\/\/www.agrolex.cz\/index.php?rest_route=\/wp\/v2\/product\/549"}],"collection":[{"href":"https:\/\/www.agrolex.cz\/index.php?rest_route=\/wp\/v2\/product"}],"about":[{"href":"https:\/\/www.agrolex.cz\/index.php?rest_route=\/wp\/v2\/types\/product"}],"replies":[{"embeddable":true,"href":"https:\/\/www.agrolex.cz\/index.php?rest_route=%2Fwp%2Fv2%2Fcomments&post=549"}],"wp:featuredmedia":[{"embeddable":true,"href":"https:\/\/www.agrolex.cz\/index.php?rest_route=\/wp\/v2\/media\/550"}],"wp:attachment":[{"href":"https:\/\/www.agrolex.cz\/index.php?rest_route=%2Fwp%2Fv2%2Fmedia&parent=549"}],"curies":[{"name":"wp","href":"https:\/\/api.w.org\/{rel}","templated":true}]}}