{"id":567,"date":"2020-08-16T21:21:24","date_gmt":"2020-08-16T21:21:24","guid":{"rendered":"http:\/\/www.agrolex.cz\/?post_type=product&#038;p=567"},"modified":"2021-09-08T12:20:18","modified_gmt":"2021-09-08T12:20:18","slug":"canvit-barf-sylibum-marianum","status":"publish","type":"product","link":"https:\/\/www.agrolex.cz\/?product=canvit-barf-sylibum-marianum","title":{"rendered":"Canvit BARF Sylibum Marianum"},"content":{"rendered":"<p>Canvit BARF Ostropest\u0159ec Mari\u00e1nsk\u00fd<\/p>\n<div class=\"off-canvas-wrapper\">\n<div class=\"off-canvas-content\" data-off-canvas-content=\"\">\n<div id=\"content\" class=\"single-product\">\n<div id=\"inner-content\">\n<div class=\"row product-header\">\n<div class=\"medium-12 columns\">\n<div class=\"row\">\n<div class=\"medium-7 columns\">\n<p class=\"product-subtitle02\">P\u0159\u00edrodn\u00ed zdroj Silymarinu pro podporu funkce jater.<\/p>\n<div class=\"off-canvas-wrapper\">\n<div class=\"off-canvas-content\" data-off-canvas-content=\"\">\n<div id=\"content\" class=\"single-product\">\n<div id=\"inner-content\">\n<div class=\"row product-data\" data-equalizer=\"1srp90-equalizer\" data-resize=\"r5cxpt-eq\" data-mutate=\"9nze0q-eq\" data-events=\"mutate\">\n<div class=\"medium-8 columns product-txt-container\" data-equalizer-watch=\"\">\n<article id=\"post-836\" class=\"post-836 product type-product status-publish has-post-thumbnail hentry\" role=\"article\">\n<header class=\"article-header\"><\/header>\n<p><!-- end article header --><\/p>\n<section class=\"entry-content\">\n<div class=\"short-description\">\n<p>Detoxikace a p\u0159irozen\u00e1 podpora metabolismu.<\/p>\n<p>Semena Ostropest\u0159ce Mari\u00e1nsk\u00e9ho (Silybum Marianum) jsou bohat\u00fdm p\u0159\u00edrodn\u00edm zdrojem Silymarinu, kter\u00fd tvo\u0159\u00ed kombinace flavolignan\u016f. Silymarin vykazuje vysok\u00fd antioxida\u010dn\u00ed ochrann\u00fd \u00fa\u010dinek ve vztahu k jatern\u00edm bu\u0148k\u00e1m (hepatoprotektivum). Silymarin zlep\u0161uje funkci jater, podporuje tvorbu a regeneraci jatern\u00edch bun\u011bk, chr\u00e1n\u00ed nov\u00e9 jatern\u00ed bu\u0148ky.<\/p>\n<p>Dopl\u0148kov\u00e9 krmivo pro psy.<\/p>\n<\/div>\n<\/section>\n<\/article>\n<\/div>\n<\/div>\n<\/div>\n<\/div>\n<\/div>\n<\/div>\n<\/div>\n<\/div>\n<\/div>\n<\/div>\n<\/div>\n<\/div>\n<\/div>\n<\/div>\n<div class=\"off-canvas-wrapper\">\n<div class=\"off-canvas-content\" data-off-canvas-content=\"\">\n<div id=\"content\" class=\"single-product\">\n<div id=\"inner-content\">\n<div class=\"row product-description\">\n<div class=\"medium-12 columns\">\n<h4>Slo\u017een\u00ed:<\/h4>\n<p>Ostropest\u0159ec Mari\u00e1nsk\u00fd (Silybum marianum).<\/p>\n<h4>Analytick\u00e9 slo\u017eky:<\/h4>\n<p>hrub\u00e1 vl\u00e1knina 34,02 %, hrub\u00fd protein 17,84 %, obsah tuku 6,06 %, hrub\u00fd popel 4,94 %.<\/p>\n<h4>Krmn\u00fd n\u00e1vod:<\/h4>\n<p>p\u0159\u00edpravek se pod\u00e1v\u00e1 zam\u00edchan\u00fd do krmiva dle doporu\u010den\u00e9ho d\u00e1vkov\u00e1n\u00ed dlouhodob\u011b (min. 6-8 t\u00fddn\u016f). P\u0159i z\u00e1n\u011btech a otrav\u00e1ch m\u016f\u017eete zv\u00fd\u0161it d\u00e1vku a\u017e na \u010dty\u0159n\u00e1sobek.<\/p>\n<h4>Balen\u00ed:<\/h4>\n<p>180 g pro psa do 10 kg vydr\u017e\u00ed po dobu 3 m\u011bs\u00edc\u016f<\/p>\n<h4>Skladov\u00e1n\u00ed:<\/h4>\n<p>v suchu, temnu, v p\u016fvodn\u00edm uzav\u0159en\u00e9m obalu.<\/p>\n<h4>Krmn\u00e1 tabulka:<\/h4>\n<table class=\"table-feed\">\n<tbody>\n<tr>\n<th><\/th>\n<th>Denn\u00ed d\u00e1vka:<\/th>\n<\/tr>\n<tr>\n<td>Mal\u00e1 plemena a ko\u010dky (1-10kg)<\/td>\n<td>1\/4 l\u017ei\u010dky<\/td>\n<\/tr>\n<tr>\n<td>St\u0159edn\u00ed plemena (10-25 kg)<\/td>\n<td>1\/2 l\u017ei\u010dky<\/td>\n<\/tr>\n<tr>\n<td>Velk\u00e1 plemena (25-45kg)<\/td>\n<td>3\/4 l\u017ei\u010dky<\/td>\n<\/tr>\n<tr>\n<td>Ob\u0159\u00ed plemena (nad 45 kg)<\/td>\n<td>1 l\u017ei\u010dka<\/td>\n<\/tr>\n<\/tbody>\n<\/table>\n<\/div>\n<\/div>\n<\/div>\n<\/div>\n<\/div>\n<\/div>\n<p>&nbsp;<\/p>\n","protected":false},"excerpt":{"rendered":"<p>Canvit BARF Ostropest\u0159ec Mari\u00e1nsk\u00fd<\/p>\n<div class=\"off-canvas-wrapper\">\n<div class=\"off-canvas-content\" data-off-canvas-content=\"\">\n<div id=\"content\" class=\"single-product\">\n<div id=\"inner-content\">\n<div class=\"row product-header\">\n<div class=\"medium-12 columns\">\n<div class=\"row\">\n<div class=\"medium-7 columns\">\n<p class=\"product-subtitle02\">P\u0159\u00edrodn\u00ed zdroj Silymarinu pro podporu funkce jater.<\/p>\n<div class=\"off-canvas-wrapper\">\n<div class=\"off-canvas-content\" data-off-canvas-content=\"\">\n<div id=\"content\" class=\"single-product\">\n<div id=\"inner-content\">\n<div class=\"row product-data\" data-equalizer=\"1srp90-equalizer\" data-resize=\"r5cxpt-eq\" data-mutate=\"9nze0q-eq\" data-events=\"mutate\">\n<div class=\"medium-4 columns product-img-container\" data-equalizer-watch=\"\"><\/div>\n<div class=\"medium-8 columns product-txt-container\" data-equalizer-watch=\"\">\n<article id=\"post-836\" class=\"post-836 product type-product status-publish has-post-thumbnail hentry\" role=\"article\">\n<header class=\"article-header\"><\/header>\n<p><!-- end article header --><\/p>\n<section class=\"entry-content\">\n<div class=\"short-description\">\n<p>Detoxikace a p\u0159irozen\u00e1 podpora metabolismu.<\/p>\n<p>Semena Ostropest\u0159ce Mari\u00e1nsk\u00e9ho (Silybum Marianum) jsou bohat\u00fdm p\u0159\u00edrodn\u00edm zdrojem Silymarinu, kter\u00fd tvo\u0159\u00ed kombinace flavolignan\u016f. Silymarin vykazuje vysok\u00fd antioxida\u010dn\u00ed ochrann\u00fd \u00fa\u010dinek ve vztahu k jatern\u00edm bu\u0148k\u00e1m (hepatoprotektivum). Silymarin zlep\u0161uje funkci jater, podporuje tvorbu a regeneraci jatern\u00edch bun\u011bk, chr\u00e1n\u00ed nov\u00e9 jatern\u00ed bu\u0148ky.<\/p>\n<p>Dopl\u0148kov\u00e9 krmivo pro psy.<\/p>\n<\/div>\n<\/section>\n<\/article>\n<\/div>\n<\/div>\n<\/div>\n<\/div>\n<\/div>\n<\/div>\n<\/div>\n<\/div>\n<\/div>\n<\/div>\n<\/div>\n<\/div>\n<\/div>\n<\/div>\n","protected":false},"featured_media":568,"comment_status":"open","ping_status":"closed","template":"","meta":[],"_links":{"self":[{"href":"https:\/\/www.agrolex.cz\/index.php?rest_route=\/wp\/v2\/product\/567"}],"collection":[{"href":"https:\/\/www.agrolex.cz\/index.php?rest_route=\/wp\/v2\/product"}],"about":[{"href":"https:\/\/www.agrolex.cz\/index.php?rest_route=\/wp\/v2\/types\/product"}],"replies":[{"embeddable":true,"href":"https:\/\/www.agrolex.cz\/index.php?rest_route=%2Fwp%2Fv2%2Fcomments&post=567"}],"wp:featuredmedia":[{"embeddable":true,"href":"https:\/\/www.agrolex.cz\/index.php?rest_route=\/wp\/v2\/media\/568"}],"wp:attachment":[{"href":"https:\/\/www.agrolex.cz\/index.php?rest_route=%2Fwp%2Fv2%2Fmedia&parent=567"}],"curies":[{"name":"wp","href":"https:\/\/api.w.org\/{rel}","templated":true}]}}