{"id":569,"date":"2020-08-16T21:26:06","date_gmt":"2020-08-16T21:26:06","guid":{"rendered":"http:\/\/www.agrolex.cz\/?post_type=product&#038;p=569"},"modified":"2021-09-08T12:23:44","modified_gmt":"2021-09-08T12:23:44","slug":"canvit-barf-salmon-oil","status":"publish","type":"product","link":"https:\/\/www.agrolex.cz\/?product=canvit-barf-salmon-oil","title":{"rendered":"Canvit BARF Salmon Oil"},"content":{"rendered":"<p>Canvit BARF lososov\u00fd olej<\/p>\n<div class=\"off-canvas-wrapper\">\n<div class=\"off-canvas-content\" data-off-canvas-content=\"\">\n<div id=\"content\" class=\"single-product\">\n<div id=\"inner-content\">\n<div class=\"row product-header\">\n<div class=\"medium-12 columns\">\n<div class=\"row\">\n<div class=\"medium-7 columns\">\n<p class=\"product-subtitle02\">Ryb\u00ed olej pro zdravou k\u016f\u017ei, lesklou a hustou srst<\/p>\n<\/div>\n<div class=\"off-canvas-wrapper\">\n<div class=\"off-canvas-content\" data-off-canvas-content=\"\">\n<div id=\"content\" class=\"single-product\">\n<div id=\"inner-content\">\n<div class=\"row product-data\" data-equalizer=\"qpshlq-equalizer\" data-resize=\"o0xi56-eq\" data-mutate=\"lti973-eq\">\n<div class=\"medium-8 columns product-txt-container\" data-equalizer-watch=\"\">\n<article id=\"post-805\" class=\"post-805 product type-product status-publish has-post-thumbnail hentry\" role=\"article\">\n<section class=\"entry-content\">\n<div class=\"short-description\">\n<p>Za studena lisovan\u00fd olej z\u00a0Norsk\u00e9ho lososa je p\u0159\u00edrodn\u00edm zdrojem nenasycen\u00fdch Omega-3 mastn\u00fdch kyselin. Omega-3 (DHA,EPA,DPA) pozitivn\u011b ovliv\u0148uj\u00ed kvalitu k\u016f\u017ee a srsti, p\u0159isp\u00edvaj\u00ed ke spr\u00e1vn\u00e9mu fungov\u00e1n\u00ed kardiovaskul\u00e1rn\u00edho syst\u00e9mu, podporuj\u00ed spr\u00e1vnou funkci nervov\u00e9ho syst\u00e9mu a mozku, \u010dinnosti kloub\u016f a o\u010dn\u00ed s\u00edtnice.<\/p>\n<p>Canvit Salmon oil podporuje p\u0159irozen\u00fd proces r\u016fstu a metabolismus zv\u00ed\u0159ete, napom\u00e1h\u00e1 \u0159e\u0161it probl\u00e9my s reprodukc\u00ed a podporuje zdrav\u00fd v\u00fdvoj plodu. Slou\u017e\u00ed tak\u00e9 jako vhodn\u00fd zdroj energie u ps\u016f v\u00a0z\u00e1t\u011b\u017ei.<\/p>\n<p>Dopl\u0148kov\u00e9 krmivo pro psy.<\/p>\n<div class=\"off-canvas-wrapper\">\n<div class=\"off-canvas-content\" data-off-canvas-content=\"\">\n<div id=\"content\" class=\"single-product\">\n<div id=\"inner-content\">\n<div class=\"row product-description\">\n<div class=\"medium-12 columns\">\n<h4>Slo\u017een\u00ed:<\/h4>\n<p>100 % olej z losos\u016f (15 % omega-3 mastn\u00fdch kyselin).<\/p>\n<h4>Analytick\u00e9 slo\u017eky:<\/h4>\n<p>obsah tuku 100 %, kyselina eikosapentaenov\u00e1 (EPA) 2,5 %, kyselina dokosahexaenov\u00e1 (DHA) 3,5 %, kyselina dokosapentaenov\u00e1 (DPA) 1,5 %.<\/p>\n<h4>Krmn\u00fd n\u00e1vod:<\/h4>\n<p>olej se pod\u00e1v\u00e1 zam\u00edchan\u00fd do krmiva v\u00a0doporu\u010den\u00e9 denn\u00ed d\u00e1vce uveden\u00e9 v tabulce.<\/p>\n<h4>D\u00e1vka:<\/h4>\n<p>na 10 kg psa: 5 ml denn\u011b<\/p>\n<h4>Balen\u00ed:<\/h4>\n<p>500 ml pro psa do 10 kg vydr\u017e\u00ed po dobu 3 m\u011bs\u00edc\u016f<\/p>\n<h4>Skladov\u00e1n\u00ed:<\/h4>\n<p>v suchu, temnu, v p\u016fvodn\u00edm uzav\u0159en\u00e9m obalu.<\/p>\n<h4>Krmn\u00e1 tabulka:<\/h4>\n<table class=\"table-feed\">\n<tbody>\n<tr>\n<th>Hmotnost psa<\/th>\n<th>Denn\u00ed d\u00e1vka<\/th>\n<\/tr>\n<tr>\n<td>Mal\u00e1 plemena a ko\u010dky (1-10 kg)<\/td>\n<td>5 ml<\/td>\n<\/tr>\n<tr>\n<td>St\u0159edn\u00ed plemena (20-40 kg)<\/td>\n<td>10 ml<\/td>\n<\/tr>\n<tr>\n<td>Velk\u00e1 plemena(40 \u2013 60 kg)<\/td>\n<td>15 ml<\/td>\n<\/tr>\n<\/tbody>\n<\/table>\n<\/div>\n<\/div>\n<\/div>\n<\/div>\n<\/div>\n<\/div>\n<\/div>\n<\/section>\n<\/article>\n<\/div>\n<\/div>\n<\/div>\n<\/div>\n<\/div>\n<\/div>\n<\/div>\n<\/div>\n<\/div>\n<\/div>\n<\/div>\n<\/div>\n<\/div>\n","protected":false},"excerpt":{"rendered":"<p>Canvit BARF lososov\u00fd olej<\/p>\n<div class=\"off-canvas-wrapper\">\n<div class=\"off-canvas-content\" data-off-canvas-content=\"\">\n<div id=\"content\" class=\"single-product\">\n<div id=\"inner-content\">\n<div class=\"row product-header\">\n<div class=\"medium-12 columns\">\n<div class=\"row\">\n<div class=\"medium-7 columns\">\n<p class=\"product-subtitle02\">Ryb\u00ed olej pro zdravou k\u016f\u017ei, lesklou a hustou srst<\/p>\n<\/div>\n<div class=\"off-canvas-wrapper\">\n<div class=\"off-canvas-content\" data-off-canvas-content=\"\">\n<div id=\"content\" class=\"single-product\">\n<div id=\"inner-content\">\n<div class=\"row product-data\" data-equalizer=\"qpshlq-equalizer\" data-resize=\"o0xi56-eq\" data-mutate=\"lti973-eq\">\n<div class=\"medium-8 columns product-txt-container\" data-equalizer-watch=\"\">\n<article id=\"post-805\" class=\"post-805 product type-product status-publish has-post-thumbnail hentry\" role=\"article\">\n<section class=\"entry-content\">\n<div class=\"short-description\">\n<p>Za studena lisovan\u00fd olej z\u00a0Norsk\u00e9ho lososa je p\u0159\u00edrodn\u00edm zdrojem nenasycen\u00fdch Omega-3 mastn\u00fdch kyselin. Omega-3 (DHA,EPA,DPA) pozitivn\u011b ovliv\u0148uj\u00ed kvalitu k\u016f\u017ee a srsti, p\u0159isp\u00edvaj\u00ed ke spr\u00e1vn\u00e9mu fungov\u00e1n\u00ed kardiovaskul\u00e1rn\u00edho syst\u00e9mu, podporuj\u00ed spr\u00e1vnou funkci nervov\u00e9ho syst\u00e9mu a mozku, \u010dinnosti kloub\u016f a o\u010dn\u00ed s\u00edtnice.<\/p>\n<p>Canvit Salmon oil podporuje p\u0159irozen\u00fd proces r\u016fstu a metabolismus zv\u00ed\u0159ete, napom\u00e1h\u00e1 \u0159e\u0161it probl\u00e9my s reprodukc\u00ed a podporuje zdrav\u00fd v\u00fdvoj plodu. Slou\u017e\u00ed tak\u00e9 jako vhodn\u00fd zdroj energie u ps\u016f v\u00a0z\u00e1t\u011b\u017ei.<\/p>\n<p>Dopl\u0148kov\u00e9 krmivo pro psy.<\/p>\n<\/div>\n<\/section>\n<\/article>\n<\/div>\n<\/div>\n<\/div>\n<\/div>\n<\/div>\n<\/div>\n<\/div>\n<\/div>\n<\/div>\n<\/div>\n<\/div>\n<\/div>\n<\/div>\n","protected":false},"featured_media":570,"comment_status":"open","ping_status":"closed","template":"","meta":[],"_links":{"self":[{"href":"https:\/\/www.agrolex.cz\/index.php?rest_route=\/wp\/v2\/product\/569"}],"collection":[{"href":"https:\/\/www.agrolex.cz\/index.php?rest_route=\/wp\/v2\/product"}],"about":[{"href":"https:\/\/www.agrolex.cz\/index.php?rest_route=\/wp\/v2\/types\/product"}],"replies":[{"embeddable":true,"href":"https:\/\/www.agrolex.cz\/index.php?rest_route=%2Fwp%2Fv2%2Fcomments&post=569"}],"wp:featuredmedia":[{"embeddable":true,"href":"https:\/\/www.agrolex.cz\/index.php?rest_route=\/wp\/v2\/media\/570"}],"wp:attachment":[{"href":"https:\/\/www.agrolex.cz\/index.php?rest_route=%2Fwp%2Fv2%2Fmedia&parent=569"}],"curies":[{"name":"wp","href":"https:\/\/api.w.org\/{rel}","templated":true}]}}