{"id":642,"date":"2020-09-12T17:15:21","date_gmt":"2020-09-12T17:15:21","guid":{"rendered":"http:\/\/www.agrolex.cz\/?post_type=product&#038;p=642"},"modified":"2022-10-19T11:21:11","modified_gmt":"2022-10-19T11:21:11","slug":"doplnkova-granulovana-krmna-smes-pro-sparkatou-zver-v-obdobi-parozeni","status":"publish","type":"product","link":"https:\/\/www.agrolex.cz\/?product=doplnkova-granulovana-krmna-smes-pro-sparkatou-zver-v-obdobi-parozeni","title":{"rendered":"Dopl\u0148kov\u00e1 granulovan\u00e1 krmn\u00e1 sm\u011bs pro sp\u00e1rkatou zv\u011b\u0159 v obdob\u00ed paro\u017een\u00ed"},"content":{"rendered":"<p>Pro zv\u011b\u0159 dan\u010d\u00ed, muflon\u00ed, p\u0159\u00edp. srn\u010d\u00ed<\/p>\n<p>D\u016fle\u017eit\u00fd dopln\u011bk v\u00fd\u017eivy pro sp\u00e1rkatou zv\u011b\u0159, hlavn\u011b v obdob\u00ed paro\u017een\u00ed. Slou\u017e\u00ed k dopln\u011bn\u00ed miner\u00e1ln\u00edch l\u00e1tek a vitam\u00edn\u016f pot\u0159ebn\u00fdch pro zd\u00e1rn\u00fd r\u016fst hmoty paro\u017e\u00ed.<\/p>\n<p>Pod\u00e1vaj\u00ed se v dob\u011b paro\u017een\u00ed po dobu 3-4 m\u011bs\u00edc\u016f, v m\u00e1lo \u00fa\u017eivn\u00fdch lokalit\u00e1ch i celoro\u010dn\u011b.<\/p>\n<p><strong>Zp\u016fsob pod\u00e1n\u00ed:<\/strong><\/p>\n<p>Pod\u00e1vaj\u00ed se spolu s objemn\u00fdm krmivem, nejl\u00e9pe senem.<\/p>\n<p><strong>Denn\u00ed d\u00e1vka:<\/strong><\/p>\n<p>Jelen\u00ed zv\u011b\u0159 600-900 g, da\u0148\u010d\u00ed zv\u011b\u0159 450-650 g, srn\u010d\u00ed zv\u011b\u0159 150-200 g (2 &#8211; 4 t\u00fddny p\u0159ed p\u0159edpokl\u00e1dan\u00fdm shozem paroh\u016f a po celou dobu paro\u017een\u00ed, p\u0159\u00edp. celoro\u010dn\u011b), muflon\u00ed zv\u011b\u0159 250-320 g.<br \/>\n<strong>Nepod\u00e1vat v jadrn\u00e9m ani melasov\u00e9m krmivu.<\/strong><br \/>\nKrmiva jsou zv\u011b\u0159\u00ed ochotn\u011b p\u0159ij\u00edm\u00e1na, nejsou stanoveny ochrann\u00e9 lh\u016fty pro konzumaci zv\u011b\u0159iny.<\/p>\n<p><strong>Balen\u00ed: 25 kg<\/strong><\/p>\n<p><strong>\u00da\u010dinky p\u016fsoben\u00ed:<\/strong><\/p>\n<ul>\n<li>radik\u00e1ln\u00ed sn\u00ed\u017een\u00ed l\u00e1mavosti paroh\u016f, zejm\u00e9na u da\u0148\u010d\u00ed zv\u011b\u0159e<\/li>\n<li>zv\u00fd\u0161en\u00ed specifick\u00e9 hmotnosti paroh\u016f<\/li>\n<li>zvy\u0161ov\u00e1n\u00ed bodov\u00e9 hodnoty trofej\u00ed proti dlouhodob\u00e9mu pr\u016fm\u011bru a maxim\u00e1ln\u00ed vyu\u017eit\u00ed genetick\u00fdch vlastnost\u00ed<\/li>\n<li>optimalizace pom\u011bru v\u00e1pn\u00edku a fosforu, d\u00e1le obsahu sod\u00edku a ho\u0159\u010d\u00edku v paro\u017e\u00ed a kostech<\/li>\n<li>pozitivn\u00ed vliv na r\u016fst muflon\u00edch toulc\u016f (d\u00e9lky) p\u016fsoben\u00edm na jejich kostn\u00ed z\u00e1klad<\/li>\n<li>kladn\u00e9 p\u016fsoben\u00ed na miner\u00e1ln\u00ed metabolismus i u sami\u010d\u00ed zv\u011b\u0159e a ml\u00e1\u010fat, v\u010detn\u011b vitaminizace v jarn\u00edm obdob\u00ed<\/li>\n<\/ul>\n","protected":false},"excerpt":{"rendered":"<p>Pro zv\u011b\u0159 dan\u010d\u00ed, muflon\u00ed, p\u0159\u00edp. srn\u010d\u00ed<\/p>\n<p>D\u016fle\u017eit\u00fd dopln\u011bk v\u00fd\u017eivy pro sp\u00e1rkatou zv\u011b\u0159, hlavn\u011b v obdob\u00ed paro\u017een\u00ed. Slou\u017e\u00ed k dopln\u011bn\u00ed miner\u00e1ln\u00edch l\u00e1tek a vitam\u00edn\u016f pot\u0159ebn\u00fdch pro zd\u00e1rn\u00fd r\u016fst hmoty paro\u017e\u00ed.<\/p>\n<p>Pod\u00e1vaj\u00ed se v dob\u011b paro\u017een\u00ed po dobu 3-4 m\u011bs\u00edc\u016f, v m\u00e1lo \u00fa\u017eivn\u00fdch lokalit\u00e1ch i celoro\u010dn\u011b.<\/p>\n<p><strong>\u00da\u010dinky p\u016fsoben\u00ed:<\/strong><\/p>\n<ul>\n<li>radik\u00e1ln\u00ed sn\u00ed\u017een\u00ed l\u00e1mavosti paroh\u016f, zejm\u00e9na u da\u0148\u010d\u00ed zv\u011b\u0159e<\/li>\n<li>zv\u00fd\u0161en\u00ed specifick\u00e9 hmotnosti paroh\u016f<\/li>\n<li>zvy\u0161ov\u00e1n\u00ed bodov\u00e9 hodnoty trofej\u00ed proti dlouhodob\u00e9mu pr\u016fm\u011bru a maxim\u00e1ln\u00ed vyu\u017eit\u00ed genetick\u00fdch vlastnost\u00ed<\/li>\n<li>optimalizace pom\u011bru v\u00e1pn\u00edku a fosforu, d\u00e1le obsahu sod\u00edku a ho\u0159\u010d\u00edku v paro\u017e\u00ed a kostech<\/li>\n<li>pozitivn\u00ed vliv na r\u016fst muflon\u00edch toulc\u016f (d\u00e9lky) p\u016fsoben\u00edm na jejich kostn\u00ed z\u00e1klad<\/li>\n<li>kladn\u00e9 p\u016fsoben\u00ed na miner\u00e1ln\u00ed metabolismus i u sami\u010d\u00ed zv\u011b\u0159e a ml\u00e1\u010fat, v\u010detn\u011b vitaminizace v jarn\u00edm obdob\u00ed378<\/li>\n<\/ul>\n","protected":false},"featured_media":640,"comment_status":"open","ping_status":"closed","template":"","meta":[],"_links":{"self":[{"href":"https:\/\/www.agrolex.cz\/index.php?rest_route=\/wp\/v2\/product\/642"}],"collection":[{"href":"https:\/\/www.agrolex.cz\/index.php?rest_route=\/wp\/v2\/product"}],"about":[{"href":"https:\/\/www.agrolex.cz\/index.php?rest_route=\/wp\/v2\/types\/product"}],"replies":[{"embeddable":true,"href":"https:\/\/www.agrolex.cz\/index.php?rest_route=%2Fwp%2Fv2%2Fcomments&post=642"}],"wp:featuredmedia":[{"embeddable":true,"href":"https:\/\/www.agrolex.cz\/index.php?rest_route=\/wp\/v2\/media\/640"}],"wp:attachment":[{"href":"https:\/\/www.agrolex.cz\/index.php?rest_route=%2Fwp%2Fv2%2Fmedia&parent=642"}],"curies":[{"name":"wp","href":"https:\/\/api.w.org\/{rel}","templated":true}]}}

Doplňková granulovaná krmná směs pro spárkatou zvěř v období parožení

<p>Pro zvěř dančí, mufloní, příp. srnčí</p>
<p>Důležitý doplněk výživy pro spárkatou zvěř, hlavně v období parožení. Slouží k doplnění minerálních látek a vitamínů potřebných pro zdárný růst hmoty paroží.</p>
<p>Podávají se v době parožení po dobu 3-4 měsíců, v málo úživných lokalitách i celoročně.</p>
<p><strong>Způsob podání:</strong></p>
<p>Podávají se spolu s objemným krmivem, nejlépe senem.</p>
<p><strong>Denní dávka:</strong></p>
<p>Jelení zvěř 600-900 g, daňčí zvěř 450-650 g, srnčí zvěř 150-200 g (2 &#8211; 4 týdny před předpokládaným shozem parohů a po celou dobu parožení, příp. celoročně), mufloní zvěř 250-320 g.<br />
<strong>Nepodávat v jadrném ani melasovém krmivu.</strong><br />
Krmiva jsou zvěří ochotně přijímána, nejsou stanoveny ochranné lhůty pro konzumaci zvěřiny.</p>
<p><strong>Balení: 25 kg</strong></p>
<p><strong>Účinky působení:</strong></p>
<ul>
<li>radikální snížení lámavosti parohů, zejména u daňčí zvěře</li>
<li>zvýšení specifické hmotnosti parohů</li>
<li>zvyšování bodové hodnoty trofejí proti dlouhodobému průměru a maximální využití genetických vlastností</li>
<li>optimalizace poměru vápníku a fosforu, dále obsahu sodíku a hořčíku v paroží a kostech</li>
<li>pozitivní vliv na růst mufloních toulců (délky) působením na jejich kostní základ</li>
<li>kladné působení na minerální metabolismus i u samičí zvěře a mláďat, včetně vitaminizace v jarním období</li>
</ul>

<p>Pro zvěř dančí, mufloní, příp. srnčí</p>
<p>Důležitý doplněk výživy pro spárkatou zvěř, hlavně v období parožení. Slouží k doplnění minerálních látek a vitamínů potřebných pro zdárný růst hmoty paroží.</p>
<p>Podávají se v době parožení po dobu 3-4 měsíců, v málo úživných lokalitách i celoročně.</p>
<p><strong>Účinky působení:</strong></p>
<ul>
<li>radikální snížení lámavosti parohů, zejména u daňčí zvěře</li>
<li>zvýšení specifické hmotnosti parohů</li>
<li>zvyšování bodové hodnoty trofejí proti dlouhodobému průměru a maximální využití genetických vlastností</li>
<li>optimalizace poměru vápníku a fosforu, dále obsahu sodíku a hořčíku v paroží a kostech</li>
<li>pozitivní vliv na růst mufloních toulců (délky) působením na jejich kostní základ</li>
<li>kladné působení na minerální metabolismus i u samičí zvěře a mláďat, včetně vitaminizace v jarním období378</li>
</ul>
